{"id":11124,"date":"2020-11-27T09:48:46","date_gmt":"2020-11-27T14:48:46","guid":{"rendered":"https:\/\/www.uea.edu.ec\/?page_id=11124"},"modified":"2020-11-27T13:39:16","modified_gmt":"2020-11-27T18:39:16","slug":"evento-cientifico","status":"publish","type":"page","link":"https:\/\/www.uea.edu.ec\/web\/v1\/?page_id=11124","title":{"rendered":"EVENTO CIENTIFICO"},"content":{"rendered":"<section class=\"wpb-content-wrapper\">[vc_row][vc_column][vc_column_text][\/vc_column_text][\/vc_column][\/vc_row][vc_row][vc_column][\/vc_column][\/vc_row][vc_row][vc_column][vc_single_image image=&#8221;11136&#8243; img_size=&#8221;full&#8221;][\/vc_column][\/vc_row][vc_row][vc_column][vc_wp_text]<p><\/p>\n<p style=\"text-align: justify;\"><strong>PARTICIPA EN EL II EVENTO CIENT\u00cdFICO ESTUDIANTIL DE LA UEA<\/strong><\/p>\n<p style=\"text-align: justify;\">La Universidad Estatal Amaz\u00f3nica a trav\u00e9s de la Direcci\u00f3n de Investigaci\u00f3n, fortalece la formaci\u00f3n acad\u00e9mica y profesional de sus estudiantes, promoviendo espacios para el intercambio de experiencias y la difusi\u00f3n de resultados de sus proyectos de investigaci\u00f3n.<\/p>\n<p style=\"text-align: justify;\">En este contexto y en cumplimiento a lo establecido en los Cap\u00edtulos IV y IX del Reglamento de Investigaci\u00f3n Cient\u00edfica institucional, se organiza el <strong>\u201cII Evento Cient\u00edfico Estudiantil de la UEA\u201d<\/strong>, a desarrollarse en modalidad online a trav\u00e9s de la plataforma Zoom, los d\u00edas 14 y 15 de diciembre de 2020, desde las 09h00 hasta las 17h00.<\/p>\n<p style=\"text-align: justify;\">Al igual que en la primera edici\u00f3n, en este espacio acad\u00e9mico, investigativo y cultural las \u00e1reas tem\u00e1ticas estar\u00e1n conformadas por siete comisiones de acuerdo a las l\u00edneas y programas de investigaci\u00f3n:<\/p>\n<ol style=\"text-align: justify;\">\n<li>Ecosistemas, Biodiversidad y conservaci\u00f3n de especies.<\/li>\n<li>Gesti\u00f3n y conservaci\u00f3n ambiental.<\/li>\n<li>Desarrollo de Procesos agroindustriales.<\/li>\n<li>Producci\u00f3n de alimentos en sistemas agrobiodiversos.<\/li>\n<li>Turismo, patrimonios y desarrollo empresarial.<\/li>\n<li>Plurinacionalidad, saberes ancestrales y gesti\u00f3n del conocimiento.<\/li>\n<li>Recursos naturales, manejo y conservaci\u00f3n de bosques.<\/li>\n<\/ol>\n<p>&nbsp;<\/p>\n<p style=\"text-align: justify;\">Cada comisi\u00f3n estar\u00e1 conformada por el coordinador del programa de investigaci\u00f3n y dos docentes seleccionados por las carreras afines.<\/p>\n<p style=\"text-align: justify;\"><span data-ogsc=\"rgb(25, 57, 48)\">Como parte de un incentivo, se reconocer\u00e1 la participaci\u00f3n de todos los integrantes de las ponencias presentadas al evento con un Certificado; mientras que los tres mejores trabajos de cada comisi\u00f3n, recibir\u00e1n un Certificado Honor\u00edfico en el acto de clausura. Adem\u00e1s, el resumen de cada trabajo ser\u00e1 publicado en un Bolet\u00edn Cient\u00edfico Estudiantil.<\/span><span data-ogsc=\"black\">\u00a0<\/span><\/p>\n<p style=\"text-align: justify;\">Los estudiantes interesados en participar en este importante evento, deben llenar todos los datos solicitados en la ficha de inscripci\u00f3n adjunta y enviarla con su ponencia al correo <a href=\"mailto:bortiz@uea.edu.ec\">bortiz@uea.edu.ec<\/a> hasta el lunes, 30 de noviembre de 2020.<\/p>\n<p style=\"text-align: justify;\">Las preguntas y dudas que existan pueden ser dirigidas a las comisiones de investigaci\u00f3n de cada Carrera.<\/p>\n<p style=\"text-align: justify;\"><strong>DIRECCI\u00d3N DE INVESTIGACI\u00d3N UEA<\/strong><\/p>\n<p>&nbsp;<\/p>\n<p><\/p>[\/vc_wp_text][\/vc_column][\/vc_row][vc_row][vc_column][vc_btn title=&#8221;INCRIPCIONES AQU\u00cd&#8221; color=&#8221;warning&#8221; align=&#8221;center&#8221; link=&#8221;url:%20https%3A%2F%2Fwww.uea.edu.ec%2Fwp-content%2Fuploads%2F2020%2F11%2FFicha_de_inscripcion.docx|||&#8221;][\/vc_column][\/vc_row]<\/section>","protected":false},"excerpt":{"rendered":"<p>[vc_row][vc_column][vc_column_text][\/vc_column_text][\/vc_column][\/vc_row][vc_row][vc_column][\/vc_column][\/vc_row][vc_row][vc_column][vc_single_image image=&#8221;11136&#8243; img_size=&#8221;full&#8221;][\/vc_column][\/vc_row][vc_row][vc_column][vc_wp_text] PARTICIPA EN EL II EVENTO CIENT\u00cdFICO ESTUDIANTIL DE LA UEA La Universidad Estatal Amaz\u00f3nica a trav\u00e9s de la Direcci\u00f3n de Investigaci\u00f3n, fortalece la formaci\u00f3n acad\u00e9mica y profesional de sus estudiantes, promoviendo espacios para el intercambio de experiencias y la difusi\u00f3n de resultados de sus proyectos de investigaci\u00f3n. En este contexto y en &#8230; <a title=\"EVENTO CIENTIFICO\" class=\"read-more\" href=\"https:\/\/www.uea.edu.ec\/web\/v1\/?page_id=11124\" aria-label=\"M\u00e1s en EVENTO CIENTIFICO\">Leer m\u00e1s<\/a><\/p>\n","protected":false},"author":8,"featured_media":0,"parent":0,"menu_order":0,"comment_status":"closed","ping_status":"closed","template":"","meta":{"om_disable_all_campaigns":false,"_monsterinsights_skip_tracking":false,"_monsterinsights_sitenote_active":false,"_monsterinsights_sitenote_note":"","_monsterinsights_sitenote_category":0,"generate_page_header":"","footnotes":""},"class_list":["post-11124","page","type-page","status-publish"],"aioseo_notices":[],"_links":{"self":[{"href":"https:\/\/www.uea.edu.ec\/web\/v1\/index.php?rest_route=\/wp\/v2\/pages\/11124"}],"collection":[{"href":"https:\/\/www.uea.edu.ec\/web\/v1\/index.php?rest_route=\/wp\/v2\/pages"}],"about":[{"href":"https:\/\/www.uea.edu.ec\/web\/v1\/index.php?rest_route=\/wp\/v2\/types\/page"}],"author":[{"embeddable":true,"href":"https:\/\/www.uea.edu.ec\/web\/v1\/index.php?rest_route=\/wp\/v2\/users\/8"}],"replies":[{"embeddable":true,"href":"https:\/\/www.uea.edu.ec\/web\/v1\/index.php?rest_route=%2Fwp%2Fv2%2Fcomments&post=11124"}],"version-history":[{"count":11,"href":"https:\/\/www.uea.edu.ec\/web\/v1\/index.php?rest_route=\/wp\/v2\/pages\/11124\/revisions"}],"predecessor-version":[{"id":11140,"href":"https:\/\/www.uea.edu.ec\/web\/v1\/index.php?rest_route=\/wp\/v2\/pages\/11124\/revisions\/11140"}],"wp:attachment":[{"href":"https:\/\/www.uea.edu.ec\/web\/v1\/index.php?rest_route=%2Fwp%2Fv2%2Fmedia&parent=11124"}],"curies":[{"name":"wp","href":"https:\/\/api.w.org\/{rel}","templated":true}]}}