{"id":1538,"date":"2018-06-28T23:54:06","date_gmt":"2018-06-28T23:54:06","guid":{"rendered":"https:\/\/www.uea.edu.ec\/wp2018\/?page_id=1538"},"modified":"2023-01-21T21:19:40","modified_gmt":"2023-01-22T02:19:40","slug":"ingenieria-agropecuaria","status":"publish","type":"page","link":"https:\/\/www.uea.edu.ec\/web\/v1\/?page_id=1538","title":{"rendered":"Ingenier\u00eda Agropecuaria"},"content":{"rendered":"<section class=\"wpb-content-wrapper\"><p>[vc_row][vc_column][vc_single_image image=&#8221;17055&#8243; img_size=&#8221;full&#8221; alignment=&#8221;center&#8221; css=&#8221;.vc_custom_1673377424126{margin-right: -40px !important;margin-left: -40px !important;}&#8221;][vc_column_text]<\/p>\n<p style=\"text-align: justify;\">\n<p style=\"text-align: justify;\"><strong><img decoding=\"async\" class=\"aligncenter wp-image-16797 size-full\" src=\"https:\/\/www.uea.edu.ec\/wp-content\/uploads\/2023\/01\/3.png\" alt=\"\" width=\"284\" height=\"65\" \/><\/strong>La carrera de Agropecuaria dictada en la Universidad Estatal Amaz\u00f3nica, cumple con el Reglamento de R\u00e9gimen Acad\u00e9mico de la Educaci\u00f3n superior de grado o de tercer nivel de la Rep\u00fablica del Ecuador, encaminada a la formaci\u00f3n de profesionales capaces de aplicar las ciencias b\u00e1sicas y usar herramientas metodol\u00f3gicas para la soluci\u00f3n de problemas concretos, mediante el dise\u00f1o, perfeccionamiento, implementaci\u00f3n y evaluaci\u00f3n de modelos y estrategias de innovaci\u00f3n tecnol\u00f3gicas y biotecnol\u00f3gicas, que aplicada al contexto de la Agropecuaria, est\u00e1 orientada a formar profesionales eficientes y competitivos, capaces de fortalecer la producci\u00f3n agropecuaria, la creaci\u00f3n y desarrollo de empresas en el \u00e1rea de la agricultura y la ganader\u00eda, el control de calidad en la cosecha y pos cosecha, y la comercializaci\u00f3n de sus productos, entre otros.<\/p>\n<p style=\"text-align: justify;\"><strong><img decoding=\"async\" class=\"aligncenter wp-image-16800 size-full\" src=\"https:\/\/www.uea.edu.ec\/wp-content\/uploads\/2023\/01\/4.png\" alt=\"\" width=\"284\" height=\"65\" \/><\/strong>La Facultad de Ciencias de la Tierra, en su salida de Ingenier\u00eda Agropecuaria, se propone contribuir a la transformaci\u00f3n agraria y pecuaria, a la soberan\u00eda y a la seguridad alimentaria, como al desarrollo socio econ\u00f3mico del sector rural del Ecuador, con \u00e9nfasis en la regi\u00f3n amaz\u00f3nica, mediante la formaci\u00f3n de profesionales id\u00f3neos, competitivos, de alta calidad acad\u00e9mica y cient\u00edfico-t\u00e9cnica, con principios \u00e9ticos y de pertinencia social, con la capacidad de aplicaci\u00f3n, creaci\u00f3n e innovaci\u00f3n, de dirigir y dise\u00f1ar programas y proyectos en los sistemas de producci\u00f3n agropecuaria, sustentados en la investigaci\u00f3n, la docencia y la vinculaci\u00f3n, demostrando una alta responsabilidad social, esp\u00edritu empresarial y de compromiso con el desarrollo sostenible de la RAE y del pa\u00eds.<\/p>\n<p style=\"text-align: justify;\"><strong><img decoding=\"async\" class=\"aligncenter wp-image-16799 size-full\" src=\"https:\/\/www.uea.edu.ec\/wp-content\/uploads\/2023\/01\/5.png\" alt=\"\" width=\"284\" height=\"65\" \/><\/strong>La Facultad de Ciencias de la Tierra, en su salida de Ingenier\u00eda Agropecuaria, se propone contribuir a la transformaci\u00f3n agraria y pecuaria, a la soberan\u00eda y a la seguridad alimentaria, como al desarrollo socio econ\u00f3mico del sector rural del Ecuador, con \u00e9nfasis en la regi\u00f3n amaz\u00f3nica, mediante la formaci\u00f3n de profesionales id\u00f3neos, competitivos, de alta calidad acad\u00e9mica y cient\u00edfico-t\u00e9cnica, con principios \u00e9ticos y de pertinencia social, con la capacidad de aplicaci\u00f3n, creaci\u00f3n e innovaci\u00f3n, de dirigir y dise\u00f1ar programas y proyectos en los sistemas de producci\u00f3n agropecuaria, sustentados en la investigaci\u00f3n, la docencia y la vinculaci\u00f3n, demostrando una alta responsabilidad social, esp\u00edritu empresarial y de compromiso con el desarrollo sostenible de la RAE y del pa\u00eds.<\/p>\n<p style=\"text-align: justify;\"><strong><img loading=\"lazy\" decoding=\"async\" class=\"aligncenter wp-image-16801 size-full\" src=\"https:\/\/www.uea.edu.ec\/wp-content\/uploads\/2023\/01\/6.png\" alt=\"\" width=\"284\" height=\"65\" \/><\/strong>Formar profesionales de excelencia y alta competitividad, provistos de una amplia concepci\u00f3n cognitiva, cient\u00edfica, profesional y de pertinencia social, capaces de elaborar propuestas de soluci\u00f3n cient\u00edficas, tecnol\u00f3gicas y biotecnol\u00f3gicas agropecuarias, a trav\u00e9s de la aplicaci\u00f3n de m\u00e9todos de ense\u00f1anza y aprendizaje sustentados en el modelo te\u00f3rico-epistemol\u00f3gico de la complejidad del pensamiento, que garanticen un desarrollo sustentable de la RAE y a nivel nacional, para mejorar la calidad de vida del ecuatoriano, en concordancia con las l\u00edneas del Plan Nacional del Buen Vivir del pa\u00eds.<\/p>\n<p style=\"text-align: justify;\"><strong><img loading=\"lazy\" decoding=\"async\" class=\"aligncenter wp-image-16802 size-full\" src=\"https:\/\/www.uea.edu.ec\/wp-content\/uploads\/2023\/01\/7.png\" alt=\"\" width=\"284\" height=\"65\" \/><\/strong>Los aspirantes a la carrera de agropecuaria, deben poseer las siguientes competencias:<\/p>\n<ul style=\"text-align: justify;\">\n<li>Habilidades para comunicarse correctamente en forma oral y escrita.<\/li>\n<li>Habilidades b\u00e1sicas en el manejo de las TICs.<\/li>\n<li>Aptitud para trabajar al aire libre incluyendo condiciones ambientales adversas.<\/li>\n<li>Regirse por principios \u00e9ticos que le permitan ser un buen ciudadano: cumplir con sus deberes, conocer y hacer respetar sus derechos y guiarse por los principios de respeto (a las personas y a la naturaleza), democracia, paz, igualdad, tolerancia, inclusividad, pluralismo, responsabilidad, disciplina, iniciativa, autonom\u00eda, solidaridad, cooperaci\u00f3n, liderazgo, compromiso social y esfuerzo.<\/li>\n<li>Mostrar preferencia por las materias relacionadas con aspectos biol\u00f3gicos, ecol\u00f3gicos y de los recursos naturales.<\/li>\n<\/ul>\n<p style=\"text-align: justify;\"><strong><img loading=\"lazy\" decoding=\"async\" class=\"aligncenter wp-image-16803 size-full\" src=\"https:\/\/www.uea.edu.ec\/wp-content\/uploads\/2023\/01\/8.png\" alt=\"\" width=\"284\" height=\"65\" \/><\/strong>El Ingeniero Agropecuario de la Universidad Estatal Amaz\u00f3nica es un profesional con formaci\u00f3n hol\u00edstica integral. Actor social responsable, emprendedor, competente a trav\u00e9s de las \u00e1reas tem\u00e1ticas: Agr\u00edcola y Pecuaria. Con bases s\u00f3lidas en las ciencias b\u00e1sicas, con dominio, an\u00e1lisis y aplicaci\u00f3n de la informaci\u00f3n cient\u00edfica y emp\u00edrica, a trav\u00e9s de las ciencias de formaci\u00f3n general y sus componentes pr\u00e1cticos experimentales para mejorar la producci\u00f3n agropecuaria; con la sensibilidad y responsabilidad social que le brinda las c\u00e1tedras human\u00edsticas; desarrollando las competencias en la comprensi\u00f3n de la relaci\u00f3n e interacci\u00f3n del suelo, planta, animal y clima para sustentar la producci\u00f3n de alimentos a trav\u00e9s de las asignaturas b\u00e1sicas espec\u00edficas; y desarrollar las experticias y habilidades tecnol\u00f3gicas que le permite contribuir a una sociedad m\u00e1s pr\u00f3spera con seguridad alimentaria a partir de sistemas agroalimentarios y de nutrici\u00f3n sostenibles que le aportan las ciencias profesionalizantes. Sus competencias le permiten aplicar los conceptos y principios fundamentales en las ciencias agropecuarias, analizando y usando tecnolog\u00edas apropiadas, as\u00ed como tambi\u00e9n realizar procesos de producci\u00f3n de manera sostenible y sustentable, compatible con la preservaci\u00f3n de los recursos naturales y del medio ambiente, generando informaci\u00f3n para procesos de mejora continua, pudiendo comunicarse en forma efectiva para resolver problemas de sistemas de producci\u00f3n en el campo de su competencia, con base en la evaluaci\u00f3n y la interpretaci\u00f3n de la informaci\u00f3n, liderando y siendo proactor en la planificaci\u00f3n y ejecuci\u00f3n de buenas pr\u00e1cticas agropecuarias.<\/p>\n<p style=\"text-align: justify;\"><strong><img loading=\"lazy\" decoding=\"async\" class=\"aligncenter wp-image-16804 size-full\" src=\"https:\/\/www.uea.edu.ec\/wp-content\/uploads\/2023\/01\/9.png\" alt=\"\" width=\"408\" height=\"65\" srcset=\"https:\/\/www.uea.edu.ec\/web\/v1\/wp-content\/uploads\/2023\/01\/9.png 408w, https:\/\/www.uea.edu.ec\/web\/v1\/wp-content\/uploads\/2023\/01\/9-300x48.png 300w\" sizes=\"(max-width: 408px) 100vw, 408px\" \/><\/strong><\/p>\n<ul>\n<li>Programa de cerdos<\/li>\n<li>Programa bovino\n<ul>\n<li>Proyecto de ganaderia de leche<\/li>\n<li>Proyecto de ganaderia de carne<\/li>\n<\/ul>\n<\/li>\n<li>Programa de caf\u00e9 y cacao<\/li>\n<li>Programa de pastos y forrajes<\/li>\n<li>Programa de frutales<\/li>\n<li>Programa piscicola\n<ul>\n<li>Proyecto engorde de tilapia<\/li>\n<\/ul>\n<\/li>\n<li>Proyecto con especies amaz\u00f3nicas<\/li>\n<li>Programa avicola\n<ul>\n<li>Proyecto pollo de engorde<\/li>\n<li>Proyecto de aves de campo<\/li>\n<li>Proyecto de gallinas ponedoras<\/li>\n<\/ul>\n<\/li>\n<li>Programa ovino<\/li>\n<li>Programa de bio abonos<\/li>\n<li>Programa frutales tropicales y amaz\u00f3nicos<\/li>\n<li>Programa de horticultura\n<ul>\n<li>Proyecto horticultura a cielo abierto<\/li>\n<li>Proyecto horticultura bajo invernadero<\/li>\n<\/ul>\n<\/li>\n<li>Programa de producci\u00f3n de bio insumos y control biol\u00f3gico<\/li>\n<li>Programa de propagaci\u00f3n de plantas in vitro\n<ul>\n<li>Proyecto de producci\u00f3n de anturios<\/li>\n<li>Proyecto de producci\u00f3n de musaceas<\/li>\n<li>Proyecto de producci\u00f3n de ca\u00f1a de azucar<\/li>\n<li>Proyecto de producci\u00f3n de orquideas<\/li>\n<\/ul>\n<\/li>\n<li>Programa de turismo y servicios hoteleros<\/li>\n<li>Programa agroforestal<\/li>\n<li>Programa de laboratorios de servicios\n<ul>\n<li>Proyecto de lab. de aguas y suelos<\/li>\n<li>Proyecto de lab. de plantas medicinales<\/li>\n<\/ul>\n<\/li>\n<\/ul>\n<p style=\"text-align: justify;\">Adem\u00e1s, se cuenta con las estaciones experimentales (Alto Piat\u00faa, Timburi Cocha, Sangay y Nangaritza) ideales para generar investigaci\u00f3n cient\u00edfica y dar soporte a la investigaci\u00f3n, docencia y vinculaci\u00f3n con la colectividad.<\/p>\n<p><strong><img loading=\"lazy\" decoding=\"async\" class=\"aligncenter wp-image-16805 size-full\" src=\"https:\/\/www.uea.edu.ec\/wp-content\/uploads\/2023\/01\/10.png\" alt=\"\" width=\"317\" height=\"65\" srcset=\"https:\/\/www.uea.edu.ec\/web\/v1\/wp-content\/uploads\/2023\/01\/10.png 317w, https:\/\/www.uea.edu.ec\/web\/v1\/wp-content\/uploads\/2023\/01\/10-300x62.png 300w\" sizes=\"(max-width: 317px) 100vw, 317px\" \/><\/strong>Ingeniero\/a Agropecuaria.<\/p>\n<p><strong><img loading=\"lazy\" decoding=\"async\" class=\"wp-image-16858 size-full aligncenter\" src=\"https:\/\/www.uea.edu.ec\/wp-content\/uploads\/2023\/01\/contacto-1.png\" alt=\"\" width=\"264\" height=\"58\" \/><\/strong><strong>Contacto:<\/strong> 032892118 ext. 116<\/p>\n<p><strong>Email:<\/strong> <a href=\"mailto:agropecuaria@uea.edu.ec\">agropecuaria@uea.edu.ec<\/a><\/p>\n<p style=\"text-align: justify;\"><span style=\"font-size: 12pt;\"><strong><img loading=\"lazy\" decoding=\"async\" class=\"aligncenter wp-image-16806 size-full\" src=\"https:\/\/www.uea.edu.ec\/wp-content\/uploads\/2023\/01\/11.png\" alt=\"\" width=\"317\" height=\"65\" srcset=\"https:\/\/www.uea.edu.ec\/web\/v1\/wp-content\/uploads\/2023\/01\/11.png 317w, https:\/\/www.uea.edu.ec\/web\/v1\/wp-content\/uploads\/2023\/01\/11-300x62.png 300w\" sizes=\"(max-width: 317px) 100vw, 317px\" \/><\/strong><\/span>La carrera de Agropecuaria se dicta bajo la modalidad presencial, con una duraci\u00f3n de 10 niveles, 7200 horas y 53 asignaturas.<\/p>\n<p style=\"text-align: justify;\">Las asignaturas se encuentran agrupadas acorde al campo de estudio al que pertenecen. (Tronco com\u00fan, formaci\u00f3n general, formaci\u00f3n human\u00edstica, b\u00e1sicas espec\u00edficas, profesionalizantes, integraci\u00f3n curricular).<\/p>\n<p>&nbsp;[\/vc_column_text][vc_tta_accordion][vc_tta_section title=&#8221;Bloque 1&#8243; tab_id=&#8221;1530572262586-2026627a-f072&#8243;][vc_column_text]<\/p>\n<ul>\n<li>Matem\u00e1tica I<\/li>\n<li>Qu\u00edmica I<\/li>\n<li>F\u00edsica I<\/li>\n<li>Microbiolog\u00eda<\/li>\n<li>Bot\u00e1nica General<\/li>\n<\/ul>\n<p>[\/vc_column_text][\/vc_tta_section][vc_tta_section title=&#8221;Bloque 2&#8243; tab_id=&#8221;1530572262640-378df557-164e&#8221;][vc_column_text]<\/p>\n<ul>\n<li>Matem\u00e1tica II<\/li>\n<li>Qu\u00edmica II<\/li>\n<li>F\u00edsica II<\/li>\n<li>Realidad Nacional<\/li>\n<li>Extensi\u00f3n Agraria<\/li>\n<li>Bot\u00e1nica Sistem\u00e1tica<\/li>\n<\/ul>\n<p>[\/vc_column_text][\/vc_tta_section][vc_tta_section title=&#8221;Bloque 3&#8243; tab_id=&#8221;1530574825944-73677617-4f22&#8243;][vc_column_text]<\/p>\n<ul>\n<li>Bioqu\u00edmica<\/li>\n<li>Gen\u00e9tica<\/li>\n<li>Estad\u00edstica<\/li>\n<li>Morfofisiolog\u00eda animal<\/li>\n<li>Pastos y forrajes<\/li>\n<\/ul>\n<p>[\/vc_column_text][\/vc_tta_section][vc_tta_section title=&#8221;Bloque 4&#8243; tab_id=&#8221;1530574774885-7704ab27-0519&#8243;][vc_column_text]<\/p>\n<ul>\n<li>Metodolog\u00eda de la investigaci\u00f3n cient\u00edfica<\/li>\n<li>Redacci\u00f3n de informes t\u00e9cnicos<\/li>\n<li>Legislaci\u00f3n agr\u00edcola<\/li>\n<li>Edafolog\u00eda<\/li>\n<li>Meteorolog\u00eda y climatolog\u00eda<\/li>\n<li>Fisiolog\u00eda vegetal<\/li>\n<\/ul>\n<p>[\/vc_column_text][\/vc_tta_section][vc_tta_section title=&#8221;Bloque 5&#8243; tab_id=&#8221;1530574873320-de8790b0-307d&#8221;][vc_column_text]<\/p>\n<ul>\n<li>Sistemas de informaci\u00f3n geogr\u00e1fica<\/li>\n<li>Topograf\u00eda<\/li>\n<li>Dise\u00f1o de experimentos<\/li>\n<li>Mecanizaci\u00f3n agr\u00edcola<\/li>\n<li>Zootecnia<\/li>\n<li>Fitotecnia<\/li>\n<\/ul>\n<p>[\/vc_column_text][\/vc_tta_section][vc_tta_section title=&#8221;Bloque 6&#8243; tab_id=&#8221;1530574925282-af72761d-d42f&#8221;][vc_column_text]<\/p>\n<ul>\n<li>Plagas y enfermedades<\/li>\n<li>Nutrici\u00f3n animal<\/li>\n<li>Manejo de agroqu\u00edmicos<\/li>\n<li>Fertilizaci\u00f3n y nutrici\u00f3n vegetal<\/li>\n<li>Producci\u00f3n de especies menores<\/li>\n<li>Pr\u00e1cticas pre profesionales I<\/li>\n<\/ul>\n<p>[\/vc_column_text][\/vc_tta_section][vc_tta_section title=&#8221;Bloque 7&#8243; tab_id=&#8221;1530574975676-f89e293c-9bd6&#8243;][vc_column_text]<\/p>\n<ul>\n<li>Selecci\u00f3n y mejoramiento animal<\/li>\n<li>Sanidad animal<\/li>\n<li>Riegos y drenajes<\/li>\n<li>Sistemas integrales de producci\u00f3n agropecuaria<\/li>\n<li>Pr\u00e1cticas pre profesionales II<\/li>\n<\/ul>\n<p>[\/vc_column_text][\/vc_tta_section][vc_tta_section title=&#8221;Bloque 8&#8243; tab_id=&#8221;1530575021335-09b8c812-30c2&#8243;][vc_column_text]<\/p>\n<ul>\n<li>Fitomejoramiento<\/li>\n<li>Producci\u00f3n av\u00edcola<\/li>\n<li>Producci\u00f3n pisc\u00edcola<\/li>\n<li>Horticultura<\/li>\n<li>Agricultura de precisi\u00f3n<\/li>\n<li>Pr\u00e1cticas de servicio comunitario<\/li>\n<\/ul>\n<p>[\/vc_column_text][\/vc_tta_section][vc_tta_section title=&#8221;Bloque 9&#8243; tab_id=&#8221;1530575071973-91d02572-45b8&#8243;][vc_column_text]<\/p>\n<ul>\n<li>Producci\u00f3n bovina<\/li>\n<li>Producci\u00f3n porcina<\/li>\n<li>Agroecolog\u00eda<\/li>\n<li>Fruticultura<\/li>\n<\/ul>\n<p>[\/vc_column_text][\/vc_tta_section][vc_tta_section title=&#8221;Bloque 10&#8243; tab_id=&#8221;1530575127003-1ee96623-0214&#8243;][vc_column_text]<\/p>\n<ul>\n<li>Dise\u00f1o y evaluaci\u00f3n de proyectos<\/li>\n<li>Mercadeo y comercializaci\u00f3n<\/li>\n<li>Gesti\u00f3n empresarial<\/li>\n<li>Integraci\u00f3n curricular<\/li>\n<\/ul>\n<p>[\/vc_column_text][\/vc_tta_section][\/vc_tta_accordion][vc_column_text]<strong><img loading=\"lazy\" decoding=\"async\" class=\"aligncenter wp-image-16859 size-full\" src=\"https:\/\/www.uea.edu.ec\/wp-content\/uploads\/2023\/01\/descargas-1.png\" alt=\"\" width=\"264\" height=\"58\" \/><\/strong><\/p>\n<ul>\n<li><span style=\"color: #ff6600;\"><strong><a style=\"color: #ff6600;\" href=\"https:\/\/www.uea.edu.ec\/wp-content\/uploads\/2023\/01\/MALLA-AGROPECUARIA.pdf\" target=\"_blank\" rel=\"noopener noreferrer\"><em>Descargar malla curricular de Ingenier\u00eda\u00a0<\/em><i>Agropecuaria<\/i><\/a><\/strong><\/span><\/li>\n<\/ul>\n<p>[\/vc_column_text][\/vc_column][\/vc_row]<\/p>\n<\/section>","protected":false},"excerpt":{"rendered":"<p>[vc_row][vc_column][vc_single_image image=&#8221;17055&#8243; img_size=&#8221;full&#8221; alignment=&#8221;center&#8221; css=&#8221;.vc_custom_1673377424126{margin-right: -40px !important;margin-left: -40px !important;}&#8221;][vc_column_text] La carrera de Agropecuaria dictada en la Universidad Estatal Amaz\u00f3nica, cumple con el Reglamento de R\u00e9gimen Acad\u00e9mico de la Educaci\u00f3n superior de grado o de tercer nivel de la Rep\u00fablica del Ecuador, encaminada a la formaci\u00f3n de profesionales capaces de aplicar las ciencias b\u00e1sicas y usar &#8230; <a title=\"Ingenier\u00eda Agropecuaria\" class=\"read-more\" href=\"https:\/\/www.uea.edu.ec\/web\/v1\/?page_id=1538\" aria-label=\"M\u00e1s en Ingenier\u00eda Agropecuaria\">Leer m\u00e1s<\/a><\/p>\n","protected":false},"author":2,"featured_media":0,"parent":0,"menu_order":0,"comment_status":"closed","ping_status":"closed","template":"","meta":{"om_disable_all_campaigns":false,"_monsterinsights_skip_tracking":false,"_monsterinsights_sitenote_active":false,"_monsterinsights_sitenote_note":"","_monsterinsights_sitenote_category":0,"generate_page_header":"","footnotes":""},"class_list":["post-1538","page","type-page","status-publish"],"aioseo_notices":[],"_links":{"self":[{"href":"https:\/\/www.uea.edu.ec\/web\/v1\/index.php?rest_route=\/wp\/v2\/pages\/1538"}],"collection":[{"href":"https:\/\/www.uea.edu.ec\/web\/v1\/index.php?rest_route=\/wp\/v2\/pages"}],"about":[{"href":"https:\/\/www.uea.edu.ec\/web\/v1\/index.php?rest_route=\/wp\/v2\/types\/page"}],"author":[{"embeddable":true,"href":"https:\/\/www.uea.edu.ec\/web\/v1\/index.php?rest_route=\/wp\/v2\/users\/2"}],"replies":[{"embeddable":true,"href":"https:\/\/www.uea.edu.ec\/web\/v1\/index.php?rest_route=%2Fwp%2Fv2%2Fcomments&post=1538"}],"version-history":[{"count":41,"href":"https:\/\/www.uea.edu.ec\/web\/v1\/index.php?rest_route=\/wp\/v2\/pages\/1538\/revisions"}],"predecessor-version":[{"id":17057,"href":"https:\/\/www.uea.edu.ec\/web\/v1\/index.php?rest_route=\/wp\/v2\/pages\/1538\/revisions\/17057"}],"wp:attachment":[{"href":"https:\/\/www.uea.edu.ec\/web\/v1\/index.php?rest_route=%2Fwp%2Fv2%2Fmedia&parent=1538"}],"curies":[{"name":"wp","href":"https:\/\/api.w.org\/{rel}","templated":true}]}}