{"id":16685,"date":"2023-01-01T10:14:59","date_gmt":"2023-01-01T15:14:59","guid":{"rendered":"https:\/\/www.uea.edu.ec\/?page_id=16685"},"modified":"2023-08-23T08:56:56","modified_gmt":"2023-08-23T13:56:56","slug":"economia","status":"publish","type":"page","link":"https:\/\/www.uea.edu.ec\/web\/v1\/?page_id=16685","title":{"rendered":"ECONOM\u00cdA"},"content":{"rendered":"<section class=\"wpb-content-wrapper\">\t\t<div data-elementor-type=\"wp-page\" data-elementor-id=\"16685\" class=\"elementor elementor-16685\">\n\t\t\t\t\t\t<section class=\"ob-is-breaking-bad elementor-section elementor-top-section elementor-element elementor-element-110bf535 elementor-section-boxed elementor-section-height-default elementor-section-height-default\" data-id=\"110bf535\" data-element_type=\"section\" data-settings=\"{&quot;_ob_bbad_use_it&quot;:&quot;yes&quot;,&quot;_ob_bbad_sssic_use&quot;:&quot;no&quot;,&quot;_ob_glider_is_slider&quot;:&quot;no&quot;}\">\n\t\t\t\t\t\t<div class=\"elementor-container elementor-column-gap-default\">\n\t\t\t\t\t<div class=\"elementor-column elementor-col-100 elementor-top-column elementor-element elementor-element-79b182af\" data-id=\"79b182af\" data-element_type=\"column\" data-settings=\"{&quot;_ob_bbad_is_stalker&quot;:&quot;no&quot;,&quot;_ob_teleporter_use&quot;:false,&quot;_ob_column_hoveranimator&quot;:&quot;no&quot;,&quot;_ob_column_has_pseudo&quot;:&quot;no&quot;}\">\n\t\t\t<div class=\"elementor-widget-wrap elementor-element-populated\">\n\t\t\t\t\t\t<div class=\"elementor-element elementor-element-649b4c63 ob-harakiri-inherit ob-has-background-overlay elementor-widget elementor-widget-text-editor\" data-id=\"649b4c63\" data-element_type=\"widget\" data-settings=\"{&quot;_ob_use_harakiri&quot;:&quot;yes&quot;,&quot;_ob_harakiri_writing_mode&quot;:&quot;inherit&quot;,&quot;_ob_postman_use&quot;:&quot;no&quot;,&quot;_ob_perspektive_use&quot;:&quot;no&quot;,&quot;_ob_poopart_use&quot;:&quot;yes&quot;,&quot;_ob_shadough_use&quot;:&quot;no&quot;,&quot;_ob_allow_hoveranimator&quot;:&quot;no&quot;,&quot;_ob_widget_stalker_use&quot;:&quot;no&quot;}\" data-widget_type=\"text-editor.default\">\n\t\t\t\t<div class=\"elementor-widget-container\">\n\t\t\t\t\t\t\t<p>[vc_row][vc_column][vc_single_image image=&#8221;16698&#8243; img_size=&#8221;full&#8221;][\/vc_column][\/vc_row][vc_row][vc_column][vc_column_text]<\/p><p style=\"text-align: justify;\"><strong><img decoding=\"async\" class=\"aligncenter wp-image-16814 size-full\" src=\"https:\/\/www.uea.edu.ec\/wp-content\/uploads\/2023\/01\/1-1.png\" alt=\"\" width=\"284\" height=\"65\" \/><\/strong>La carrera aprobada mediante Resoluci\u00f3n Nro. RPC-SO-51-No.826-2022, emitida por el Consejo de Educaci\u00f3n Superior, se desarrollar\u00e1 bajo la modalidad En L\u00ednea, mediante asignaturas dise\u00f1adas especialmente para lograr la interactividad constante con los estudiantes, con el empleo de la plataforma de entorno de aprendizaje MOODLE y la plataforma colaborativa Microsoft TEAMS para video conferencias, empleando para ello profesores afines a las asignaturas, seg\u00fan la normativa interna de la UEA, con preparaci\u00f3n para interactuar en condiciones \u201ce- learning\u201d. Cada asignatura, se desarrollar\u00e1 en 16 semanas, en horario sincr\u00f3nico, donde los estudiantes recibir\u00e1n orientaciones y recursos did\u00e1cticos para el estudio. Los profesores desarrollar\u00e1n las actividades y dar\u00e1n seguimiento y apoyo al proceso de los aprendizajes; as\u00ed como al proceso de evaluaci\u00f3n. En esa proyecci\u00f3n metodol\u00f3gica se garantizar\u00e1 el aprendizaje en contacto con los docentes y se potenciar\u00e1n el aprendizaje pr\u00e1ctico- experimental y el aprendizaje aut\u00f3nomo, que asegure los procesos de apropiaci\u00f3n, aplicaci\u00f3n, vivencia, comprensi\u00f3n, generaci\u00f3n y uso del conocimiento.<\/p><p style=\"text-align: justify;\"><strong><img decoding=\"async\" class=\"aligncenter wp-image-16802 size-full\" src=\"https:\/\/www.uea.edu.ec\/wp-content\/uploads\/2023\/01\/7.png\" alt=\"\" width=\"284\" height=\"65\" \/><\/strong>Los aspirantes a la Carrera de Econom\u00eda, bajo la modalidad En L\u00ednea, deben poseer un t\u00edtulo de bachiller o su equivalente de conformidad a la ley. Adem\u00e1s, haber cumplido los requisitos normados por la UEA respecto al proceso de admisi\u00f3n.<\/p><p style=\"text-align: justify;\"><strong><img decoding=\"async\" class=\"wp-image-16803 size-full aligncenter\" src=\"https:\/\/www.uea.edu.ec\/wp-content\/uploads\/2023\/01\/8.png\" alt=\"\" width=\"284\" height=\"65\" \/><\/strong><\/p><p style=\"text-align: justify;\">El profesional en Econom\u00eda es un profesional competente, que tendr\u00e1 una formaci\u00f3n cuantitativa y dominio de la teor\u00eda econ\u00f3mica aplicada al an\u00e1lisis, investigaci\u00f3n e interpretaci\u00f3n de la problem\u00e1tica del entorno socio econ\u00f3mico nacional e internacional, capaz de detectar, formular, evaluar y gestionar modelos, programas y proyectos de desarrollo local, productivo y empresarial con criterio sustentable, que permitan la optimizaci\u00f3n en el uso de los recursos existentes. Para ello, desarrollar\u00e1 habilidades de identificaci\u00f3n, an\u00e1lisis y soluci\u00f3n de problemas econ\u00f3micos y sociales. Tendr\u00e1 dominios en la generaci\u00f3n y aplicaci\u00f3n del conocimiento disciplinar, profesional e investigativo, con una visi\u00f3n human\u00edstica e internacional global y un enfoque sist\u00e9mico e inclusivo, orientados a la formulaci\u00f3n, prevenci\u00f3n y resoluci\u00f3n de problemas econ\u00f3micos, en el marco del cambio de la matriz productiva, la igualdad de oportunidades, la interculturalidad, la innovaci\u00f3n, la calidad y la pertinencia.<\/p><p style=\"text-align: justify;\"><strong>Campo ocupacional del Economista:\u00a0 <\/strong><\/p><p style=\"text-align: justify;\">El profesional en Econom\u00eda es un profesional que puede incorporarse a instituciones p\u00fablicas y privadas; Empresas del sector primario, secundario y terciario; Instituciones locales, nacionales e internacionales; Instituciones acad\u00e9micas, financieras, sociales, culturales, ambientales y comerciales; Organismos no gubernamentales y multilaterales en el Ecuador y el mundo; Organismos de comercio e integraci\u00f3n nacional e internacional; Instituciones de investigaci\u00f3n, innovaci\u00f3n y tecnolog\u00eda, entre otros campos ocupacionales relacionados al campo de estudio de la Carrera. Pudiendo ser:<\/p><p style=\"text-align: justify;\">&#8211; Jefe de planeaci\u00f3n econ\u00f3mica, financiera y estrat\u00e9gica<\/p><p style=\"text-align: justify;\">&#8211; Operador de cartera de inversi\u00f3n<\/p><p style=\"text-align: justify;\">&#8211; Perito en materia econ\u00f3mica<\/p><p style=\"text-align: justify;\">&#8211; Realizador de dict\u00e1menes de asuntos econ\u00f3micos<\/p><p style=\"text-align: justify;\">&#8211; Analista y\/o directivo del sector financiero en bancos, casas de bolsa, calificadoras de riesgo, compa\u00f1\u00edas aseguradoras, entre otros intermediarios financieros<\/p><p style=\"text-align: justify;\">&#8211; Consultor independiente o Perito en materia econ\u00f3mica<\/p><p style=\"text-align: justify;\">&#8211; Asesor en ONG\u00b4s y organismos multilaterales<\/p><p style=\"text-align: justify;\">&#8211; Analista de pol\u00edtica econ\u00f3mica<\/p><p style=\"text-align: justify;\">&#8211; T\u00e9cnico o Asesor econ\u00f3mico y financiero<\/p><p style=\"text-align: justify;\">&#8211; Gerente General, Director, Coordinador o afines<\/p><p style=\"text-align: justify;\"><strong><img loading=\"lazy\" decoding=\"async\" class=\"aligncenter wp-image-16805 size-full\" src=\"https:\/\/www.uea.edu.ec\/wp-content\/uploads\/2023\/01\/10.png\" alt=\"\" width=\"317\" height=\"65\" srcset=\"https:\/\/www.uea.edu.ec\/web\/v1\/wp-content\/uploads\/2023\/01\/10.png 317w, https:\/\/www.uea.edu.ec\/web\/v1\/wp-content\/uploads\/2023\/01\/10-300x62.png 300w\" sizes=\"(max-width: 317px) 100vw, 317px\" \/><\/strong>Economista<\/p><p style=\"text-align: justify;\"><strong><img loading=\"lazy\" decoding=\"async\" class=\"aligncenter wp-image-16806 size-full\" src=\"https:\/\/www.uea.edu.ec\/wp-content\/uploads\/2023\/01\/11.png\" alt=\"\" width=\"317\" height=\"65\" srcset=\"https:\/\/www.uea.edu.ec\/web\/v1\/wp-content\/uploads\/2023\/01\/11.png 317w, https:\/\/www.uea.edu.ec\/web\/v1\/wp-content\/uploads\/2023\/01\/11-300x62.png 300w\" sizes=\"(max-width: 317px) 100vw, 317px\" \/><\/strong>La carrera se dicta bajo la modalidad en l\u00ednea, con una duraci\u00f3n de 8 periodos acad\u00e9micos, 44 asignaturas y 5760 horas pedag\u00f3gicas.<\/p><p style=\"text-align: justify;\">El Plan de Estudios est\u00e1 conformado por asignaturas de: formaci\u00f3n b\u00e1sica, formaci\u00f3n profesional, componente de pr\u00e1cticas preprofesionales y titulaci\u00f3n.<\/p><p>\u00a0[\/vc_column_text][\/vc_column][\/vc_row][vc_row][vc_column][vc_tta_accordion][vc_tta_section title=&#8221;Bloque 1&#8243; tab_id=&#8221;1672589782902-dc53858e-b62e&#8221;][vc_column_text]<\/p><ul><li>Matem\u00e1tica I<\/li><li>Introducci\u00f3n a la econom\u00eda<\/li><li>Contabilidad general<\/li><li>Estad\u00edstica<\/li><li>Redacci\u00f3n de informes t\u00e9cnicos<\/li><\/ul><p>[\/vc_column_text][\/vc_tta_section][vc_tta_section title=&#8221;Bloque 2&#8243; tab_id=&#8221;1672589782902-cc03b783-fe29&#8243;][vc_column_text]<\/p><ul><li>Contabilidad de costos<\/li><li>Matem\u00e1tica II<\/li><li>Realidad nacional<\/li><li>Historia del pensamiento econ\u00f3mico<\/li><li>Microeconom\u00eda I<\/li><\/ul><p>[\/vc_column_text][\/vc_tta_section][vc_tta_section title=&#8221;Bloque 3&#8243; tab_id=&#8221;1672589817914-61366b1c-6b88&#8243;][vc_column_text]<\/p><ul><li>An\u00e1lisis financiero<\/li><li>Metodolog\u00eda de la investigaci\u00f3n<\/li><li>Herramientas inform\u00e1ticas aplicadas a la econom\u00eda<\/li><li>Microeconom\u00eda II<\/li><li>Macroeconom\u00eda I<\/li><\/ul><p>[\/vc_column_text][\/vc_tta_section][vc_tta_section title=&#8221;Bloque 4&#8243; tab_id=&#8221;1672589836530-f3c2de0e-bec1&#8243;][vc_column_text]<\/p><ul><li>Investigaci\u00f3n operativa<\/li><li>Macroeconom\u00eda II<\/li><li>Econom\u00eda empresarial<\/li><li>Econom\u00eda del sector p\u00fablico<\/li><li>Econom\u00eda financiera<\/li><\/ul><p>[\/vc_column_text][\/vc_tta_section][vc_tta_section title=&#8221;Bloque 5&#8243; tab_id=&#8221;1672589850280-8cd0dc2b-2d8e&#8221;][vc_column_text]<\/p><ul><li>Introducci\u00f3n a la econometr\u00eda<\/li><li>Planificaci\u00f3n econ\u00f3mica<\/li><li>Derecho constitucional y legislaci\u00f3n econ\u00f3mica<\/li><li>Econom\u00eda pol\u00edtica<\/li><li>Cuentas nacionales<\/li><li>Pr\u00e1cticas laborales I<\/li><\/ul><p>[\/vc_column_text][\/vc_tta_section][vc_tta_section title=&#8221;Bloque 6&#8243; tab_id=&#8221;1672589867058-4d467b8c-30a8&#8243;][vc_column_text]<\/p><ul><li>Econom\u00eda popular y solidaria<\/li><li>Econom\u00eda ambiental y de los recursos naturales<\/li><li>Modelos econom\u00e9tricos<\/li><li>Teor\u00eda y pol\u00edtica monetaria<\/li><li>Demograf\u00eda<\/li><li>Pr\u00e1cticas laborales II<\/li><\/ul><p>[\/vc_column_text][\/vc_tta_section][vc_tta_section title=&#8221;Bloque 7&#8243; tab_id=&#8221;1672589881825-513655db-1627&#8243;][vc_column_text]<\/p><ul><li>Redacci\u00f3n cient\u00edfica<\/li><li>Econom\u00eda circular<\/li><li>Pol\u00edtica econ\u00f3mica<\/li><li>Pol\u00edtica fiscal<\/li><li>Formulaci\u00f3n y evaluaci\u00f3n de proyectos de inversi\u00f3n<\/li><li>Pr\u00e1cticas de servicio comunitario<\/li><\/ul><p>[\/vc_column_text][\/vc_tta_section][vc_tta_section title=&#8221;Bloque 8&#8243; tab_id=&#8221;1672589894278-d7501cc2-7630&#8243;][vc_column_text]<\/p><ul><li>Desarrollo territorial local y comunitario<\/li><li>Desarrollo econ\u00f3mico<\/li><li>Econom\u00eda internacional<\/li><li>Deontolog\u00eda de la praxis profesional<\/li><li>Emprendimiento econ\u00f3mico y empresarial<\/li><li>Unidad de titulaci\u00f3n<\/li><\/ul><p>[\/vc_column_text][\/vc_tta_section][\/vc_tta_accordion][\/vc_column][\/vc_row][vc_row][vc_column][vc_column_text]<strong><img loading=\"lazy\" decoding=\"async\" class=\"aligncenter wp-image-16859 size-full\" src=\"https:\/\/www.uea.edu.ec\/wp-content\/uploads\/2023\/01\/descargas-1.png\" alt=\"\" width=\"264\" height=\"58\" \/><\/strong><\/p><ul><li><a href=\"https:\/\/www.uea.edu.ec\/wp-content\/uploads\/2023\/01\/MALLA-ECONOMIA.pdf\"><span style=\"color: #ff6600;\"><strong><em>Descargar malla curricular de Econom\u00eda<\/em><\/strong><\/span><\/a><\/li><\/ul><p>[\/vc_column_text][\/vc_column][\/vc_row]<\/p>\t\t\t\t\t\t<\/div>\n\t\t\t\t<\/div>\n\t\t\t\t\t<\/div>\n\t\t<\/div>\n\t\t\t\t\t<\/div>\n\t\t<\/section>\n\t\t\t\t<\/div>\n\t\t<\/section>","protected":false},"excerpt":{"rendered":"<p>[vc_row][vc_column][vc_single_image image=&#8221;16698&#8243; img_size=&#8221;full&#8221;][\/vc_column][\/vc_row][vc_row][vc_column][vc_column_text] La carrera aprobada mediante Resoluci\u00f3n Nro. RPC-SO-51-No.826-2022, emitida por el Consejo de Educaci\u00f3n Superior, se desarrollar\u00e1 bajo la modalidad En L\u00ednea, mediante asignaturas dise\u00f1adas especialmente para lograr la interactividad constante con los estudiantes, con el empleo de la plataforma de entorno de aprendizaje MOODLE y la plataforma colaborativa Microsoft TEAMS para video &#8230; <a title=\"ECONOM\u00cdA\" class=\"read-more\" href=\"https:\/\/www.uea.edu.ec\/web\/v1\/?page_id=16685\" aria-label=\"M\u00e1s en ECONOM\u00cdA\">Leer m\u00e1s<\/a><\/p>\n","protected":false},"author":100,"featured_media":0,"parent":0,"menu_order":0,"comment_status":"closed","ping_status":"closed","template":"","meta":{"om_disable_all_campaigns":false,"_monsterinsights_skip_tracking":false,"_monsterinsights_sitenote_active":false,"_monsterinsights_sitenote_note":"","_monsterinsights_sitenote_category":0,"generate_page_header":"","footnotes":""},"class_list":["post-16685","page","type-page","status-publish"],"aioseo_notices":[],"_links":{"self":[{"href":"https:\/\/www.uea.edu.ec\/web\/v1\/index.php?rest_route=\/wp\/v2\/pages\/16685"}],"collection":[{"href":"https:\/\/www.uea.edu.ec\/web\/v1\/index.php?rest_route=\/wp\/v2\/pages"}],"about":[{"href":"https:\/\/www.uea.edu.ec\/web\/v1\/index.php?rest_route=\/wp\/v2\/types\/page"}],"author":[{"embeddable":true,"href":"https:\/\/www.uea.edu.ec\/web\/v1\/index.php?rest_route=\/wp\/v2\/users\/100"}],"replies":[{"embeddable":true,"href":"https:\/\/www.uea.edu.ec\/web\/v1\/index.php?rest_route=%2Fwp%2Fv2%2Fcomments&post=16685"}],"version-history":[{"count":27,"href":"https:\/\/www.uea.edu.ec\/web\/v1\/index.php?rest_route=\/wp\/v2\/pages\/16685\/revisions"}],"predecessor-version":[{"id":19099,"href":"https:\/\/www.uea.edu.ec\/web\/v1\/index.php?rest_route=\/wp\/v2\/pages\/16685\/revisions\/19099"}],"wp:attachment":[{"href":"https:\/\/www.uea.edu.ec\/web\/v1\/index.php?rest_route=%2Fwp%2Fv2%2Fmedia&parent=16685"}],"curies":[{"name":"wp","href":"https:\/\/api.w.org\/{rel}","templated":true}]}}