{"id":16761,"date":"2023-01-03T18:43:19","date_gmt":"2023-01-03T23:43:19","guid":{"rendered":"https:\/\/www.uea.edu.ec\/?page_id=16761"},"modified":"2023-08-23T08:59:05","modified_gmt":"2023-08-23T13:59:05","slug":"educacion-basica","status":"publish","type":"page","link":"https:\/\/www.uea.edu.ec\/web\/v1\/?page_id=16761","title":{"rendered":"EDUCACI\u00d3N B\u00c1SICA"},"content":{"rendered":"<section class=\"wpb-content-wrapper\"><p>[vc_row][vc_column][vc_column_text]<\/p>\r\n<figure class=\"wp-block-image size-large is-resized\"><img fetchpriority=\"high\" decoding=\"async\" class=\"wp-image-16762 aligncenter\" src=\"https:\/\/www.uea.edu.ec\/wp-content\/uploads\/2023\/01\/EDUCACION-BASICA_web-1024x683.jpg\" alt=\"\" width=\"663\" height=\"442\" srcset=\"https:\/\/www.uea.edu.ec\/web\/v1\/wp-content\/uploads\/2023\/01\/EDUCACION-BASICA_web-1024x683.jpg 1024w, https:\/\/www.uea.edu.ec\/web\/v1\/wp-content\/uploads\/2023\/01\/EDUCACION-BASICA_web-300x200.jpg 300w, https:\/\/www.uea.edu.ec\/web\/v1\/wp-content\/uploads\/2023\/01\/EDUCACION-BASICA_web-768x512.jpg 768w, https:\/\/www.uea.edu.ec\/web\/v1\/wp-content\/uploads\/2023\/01\/EDUCACION-BASICA_web-1536x1024.jpg 1536w, https:\/\/www.uea.edu.ec\/web\/v1\/wp-content\/uploads\/2023\/01\/EDUCACION-BASICA_web-2048x1365.jpg 2048w\" sizes=\"(max-width: 663px) 100vw, 663px\" \/><\/figure>\r\n\r\n\r\n\r\n<p>&nbsp;<\/p>\r\n<p>[\/vc_column_text][\/vc_column][\/vc_row][vc_row][vc_column][vc_column_text]<\/p>\r\n<p style=\"text-align: justify;\"><strong><img decoding=\"async\" class=\"aligncenter wp-image-16807 size-full\" src=\"https:\/\/www.uea.edu.ec\/wp-content\/uploads\/2023\/01\/1.png\" alt=\"\" width=\"284\" height=\"65\" \/><\/strong>La carrera aprobada mediante Resoluci\u00f3n Nro. RPC-SO-51-No.826-2022, emitida por el Consejo de Educaci\u00f3n Superior, se desarrollar\u00e1 bajo la modalidad En L\u00ednea, mediante asignaturas dise\u00f1adas especialmente para lograr la interactividad constante con los estudiantes, con el empleo de la plataforma de entorno de aprendizaje MOODLE y la plataforma colaborativa Microsoft TEAMS para video conferencias, empleando para ello profesores afines a las asignaturas, seg\u00fan la normativa interna de la UEA, con preparaci\u00f3n para interactuar en condiciones \u201ce-learning\u201d.<\/p>\r\n<p style=\"text-align: justify;\">Cada asignatura, se desarrollar\u00e1 en 16 semanas, en horario sincr\u00f3nico, donde los estudiantes recibir\u00e1n orientaciones y recursos did\u00e1cticos para el estudio.<\/p>\r\n<p style=\"text-align: justify;\">Los profesores desarrollar\u00e1n las actividades y dar\u00e1n seguimiento y apoyo al proceso de los aprendizajes; as\u00ed como al proceso de evaluaci\u00f3n.<\/p>\r\n<p style=\"text-align: justify;\">En esa proyecci\u00f3n metodol\u00f3gica se garantizar\u00e1 el aprendizaje en contacto con los docentes y se potenciar\u00e1 el aprendizaje pr\u00e1ctico-experimental y el aprendizaje aut\u00f3nomo, que asegure los procesos de apropiaci\u00f3n, aplicaci\u00f3n, vivencia, comprensi\u00f3n, generaci\u00f3n y uso del conocimiento.<\/p>\r\n<p style=\"text-align: justify;\"><strong><img decoding=\"async\" class=\"aligncenter wp-image-16802 size-full\" src=\"https:\/\/www.uea.edu.ec\/wp-content\/uploads\/2023\/01\/7.png\" alt=\"\" width=\"284\" height=\"65\" \/><\/strong>Los aspirantes a la Carrera de Educaci\u00f3n B\u00e1sica, bajo la modalidad En L\u00ednea, deben poseer un t\u00edtulo de bachiller de conformidad a la ley. La UEA aceptar\u00e1 los t\u00edtulos de bachilleres obtenidos en el extranjero, reconocidos o equiparados por el Ministerio de Educaci\u00f3n del Ecuador. Adem\u00e1s, haber cumplido los requisitos normados por el Sistema de Nivelaci\u00f3n y Admisi\u00f3n.<\/p>\r\n<p style=\"text-align: justify;\"><strong><img loading=\"lazy\" decoding=\"async\" class=\"aligncenter wp-image-16803 size-full\" src=\"https:\/\/www.uea.edu.ec\/wp-content\/uploads\/2023\/01\/8.png\" alt=\"\" width=\"284\" height=\"65\" \/><\/strong>El Licenciado en Ciencias de la Educaci\u00f3n B\u00e1sica es un profesional competente, que considerar\u00e1 que la docencia es una experiencia concebida como un trabajo educativo y de servicio hacia los dem\u00e1s, orientado en el desarrollo integral del estudiante de 6 a 14 a\u00f1os, por ello, ser\u00e1 capaz de desarrollar habilidades y actitudes did\u00e1cticas- pedag\u00f3gicas que le permitan desenvolverse en el aula como un ambiente estimulante del proceso ense\u00f1anza- aprendizaje, siendo, coparticipe de la formaci\u00f3n de valores y personalidad de los estudiantes. Tendr\u00e1 dominios en la generaci\u00f3n y aplicaci\u00f3n del conocimiento disciplinar, profesional e investigativo, con una visi\u00f3n human\u00edstica e internacional global, y un enfoque sist\u00e9mico e inclusivo, orientados a la formulaci\u00f3n, prevenci\u00f3n y resoluci\u00f3n de problemas socioeducativos, en el marco del cambio de la matriz cognitiva, la igualdad de oportunidades, la interculturalidad, la innovaci\u00f3n, la calidad y la pertinencia. Campo ocupacional del Licenciado en Ciencias de la Educaci\u00f3n B\u00e1sica: El Licenciado en Ciencias de la Educaci\u00f3n B\u00e1sica podr\u00eda desempe\u00f1arse en instituciones p\u00fablicas, privadas, fiscomisionales, municipales, ONG \u0301s, entre otras que atiendan a la educaci\u00f3n b\u00e1sica comprendida entre los 6 a 14 a\u00f1os, pudiendo ser de competencia del Ministerio de Inclusi\u00f3n Econ\u00f3mica y Social y del Ministerio de Educaci\u00f3n, adem\u00e1s de la intervenci\u00f3n educativa particular como emprendimiento en la innovaci\u00f3n social. Pudiendo ser: -Docente en instituciones de ense\u00f1anza p\u00fablicas o particulares. &#8211; Director o Coordinador de una instituci\u00f3n educativa. &#8211; Consultor en programas de educaci\u00f3n formal y no formal. &#8211; Director, consultor o promotor de una empresa educativa. &#8211; Director, coordinador de tutor\u00edas, asesor\u00edas o consultor\u00edas. &#8211; Apoyo profesional en fundaciones de ayuda a la ni\u00f1ez.<\/p>\r\n<p style=\"text-align: justify;\"><strong><img loading=\"lazy\" decoding=\"async\" class=\"size-medium wp-image-16805 aligncenter\" src=\"https:\/\/www.uea.edu.ec\/wp-content\/uploads\/2023\/01\/10-300x62.png\" alt=\"\" width=\"300\" height=\"62\" srcset=\"https:\/\/www.uea.edu.ec\/web\/v1\/wp-content\/uploads\/2023\/01\/10-300x62.png 300w, https:\/\/www.uea.edu.ec\/web\/v1\/wp-content\/uploads\/2023\/01\/10.png 317w\" sizes=\"(max-width: 300px) 100vw, 300px\" \/><\/strong>Licenciado\/a en Ciencias de la Educaci\u00f3n B\u00e1sica<\/p>\r\n<p style=\"text-align: justify;\"><strong><img loading=\"lazy\" decoding=\"async\" class=\"aligncenter wp-image-16806 size-full\" src=\"https:\/\/www.uea.edu.ec\/wp-content\/uploads\/2023\/01\/11.png\" alt=\"\" width=\"317\" height=\"65\" srcset=\"https:\/\/www.uea.edu.ec\/web\/v1\/wp-content\/uploads\/2023\/01\/11.png 317w, https:\/\/www.uea.edu.ec\/web\/v1\/wp-content\/uploads\/2023\/01\/11-300x62.png 300w\" sizes=\"(max-width: 317px) 100vw, 317px\" \/><\/strong>La carrera de Educaci\u00f3n B\u00e1sica se dicta bajo la modalidad en l\u00ednea, con una duraci\u00f3n de 8 periodos acad\u00e9micos, 45 asignaturas y 5760 horas pedag\u00f3gicas.<\/p>\r\n<p style=\"text-align: justify;\">El Plan de Estudios est\u00e1 conformado por asignaturas de: formaci\u00f3n b\u00e1sica, formaci\u00f3n profesional, componente de pr\u00e1cticas preprofesionales y titulaci\u00f3n.<\/p>\r\n<p>[\/vc_column_text][\/vc_column][\/vc_row][vc_row][vc_column][vc_tta_accordion][vc_tta_section title=&#8221;Bloque 1&#8243; tab_id=&#8221;1672795550014-60ff96f8-4467&#8243;][vc_column_text]<\/p>\r\n<ul>\r\n<li>Filosof\u00eda de la educaci\u00f3n<\/li>\r\n<li>Pedagog\u00eda<\/li>\r\n<li>Sociolog\u00eda de la educaci\u00f3n<\/li>\r\n<li>Legislaci\u00f3n educativa<\/li>\r\n<li>Redacci\u00f3n de informes t\u00e9cnicos<\/li>\r\n<li>Realidad nacional<\/li>\r\n<\/ul>\r\n<p>[\/vc_column_text][\/vc_tta_section][vc_tta_section title=&#8221;Bloque 2&#8243; tab_id=&#8221;1672795577489-0236c1df-cf74&#8243;][vc_column_text]<\/p>\r\n<ul>\r\n<li>Ecolog\u00eda del desarrollo humano y aprendizaje<\/li>\r\n<li>Contextos de los sujetos educativos y el aprendizaje humano<\/li>\r\n<li>Metodolog\u00edas activas para el aprendizaje en el nivel b\u00e1sico<\/li>\r\n<li>Metodolog\u00eda de la investigaci\u00f3n<\/li>\r\n<li>Did\u00e1ctica general<\/li>\r\n<li>Psicopedagog\u00eda<\/li>\r\n<\/ul>\r\n<p>[\/vc_column_text][\/vc_tta_section][vc_tta_section title=&#8221;Bloque 3&#8243; tab_id=&#8221;1672795575498-b0fb41ff-0a42&#8243;][vc_column_text]<\/p>\r\n<ul>\r\n<li>Neuroeducaci\u00f3n<\/li>\r\n<li>Investigaci\u00f3n educativa<\/li>\r\n<li>Emprendimiento<\/li>\r\n<li>Lectura cr\u00edtica<\/li>\r\n<li>Epistemolog\u00eda y tendencias de la educaci\u00f3n<\/li>\r\n<li>Entornos virtuales de aprendizaje<\/li>\r\n<\/ul>\r\n<p>[\/vc_column_text][\/vc_tta_section][vc_tta_section title=&#8221;Bloque 4&#8243; tab_id=&#8221;1672795572568-327621c7-a390&#8243;][vc_column_text]<\/p>\r\n<ul>\r\n<li>Dise\u00f1o curricular y diversidad en la educaci\u00f3n b\u00e1sica<\/li>\r\n<li>Aprendizaje de la matem\u00e1tica<\/li>\r\n<li>Innovaci\u00f3n, dise\u00f1o y evaluaci\u00f3n de proyectos<\/li>\r\n<li>Artes expresivas musicales y pl\u00e1sticas<\/li>\r\n<li>Aprendizaje en lengua y literatura<\/li>\r\n<\/ul>\r\n<p>[\/vc_column_text][\/vc_tta_section][vc_tta_section title=&#8221;Bloque 5&#8243; tab_id=&#8221;1672795550014-d949058a-d286&#8243;][vc_column_text]<\/p>\r\n<ul>\r\n<li>Did\u00e1ctica de la matem\u00e1tica<\/li>\r\n<li>Aprendizaje y did\u00e1ctica de la educaci\u00f3n f\u00edsica<\/li>\r\n<li>Salud y nutrici\u00f3n<\/li>\r\n<li>Did\u00e1ctica de la lengua y literatura<\/li>\r\n<li>Aprendizaje de las ciencias naturales y ciencias sociales<\/li>\r\n<li>Pr\u00e1cticas laborales I<\/li>\r\n<\/ul>\r\n<p>[\/vc_column_text][\/vc_tta_section][vc_tta_section title=&#8221;Bloque 6&#8243; tab_id=&#8221;1672795640674-1cd1b5a0-430c&#8221;][vc_column_text]<\/p>\r\n<ul>\r\n<li style=\"text-align: left;\">Did\u00e1ctica de las ciencias naturales y ciencias sociales<\/li>\r\n<li style=\"text-align: left;\">Educaci\u00f3n para la identidad, sexualidad y convivencia arm\u00f3nica<\/li>\r\n<li style=\"text-align: left;\">Aprendizaje y did\u00e1ctica de la educaci\u00f3n cultural y art\u00edstica<\/li>\r\n<li style=\"text-align: left;\">Lectoescritura<\/li>\r\n<li style=\"text-align: left;\">Estimulaci\u00f3n del aprendizaje<\/li>\r\n<li style=\"text-align: left;\">Pr\u00e1cticas laborales II<\/li>\r\n<\/ul>\r\n<p>[\/vc_column_text][\/vc_tta_section][vc_tta_section title=&#8221;Bloque 7&#8243; tab_id=&#8221;1672795637905-91517e7b-f915&#8243;][vc_column_text]<\/p>\r\n<ul>\r\n<li>Gesti\u00f3n educativa<\/li>\r\n<li>Desarrollo de proyectos educativos<\/li>\r\n<li>Redacci\u00f3n cient\u00edfica<\/li>\r\n<li>Inclusi\u00f3n educativa<\/li>\r\n<li>Evaluaci\u00f3n educativa en la educaci\u00f3n b\u00e1sica<\/li>\r\n<li>Pr\u00e1cticas de servicio comunitario<\/li>\r\n<\/ul>\r\n<p>[\/vc_column_text][\/vc_tta_section][vc_tta_section title=&#8221;Bloque 8&#8243; tab_id=&#8221;1672795673139-98cd0976-1020&#8243;][vc_column_text]<\/p>\r\n<ul>\r\n<li>Deontolog\u00eda de la praxis profesional<\/li>\r\n<li>Procesos did\u00e1cticos en el desarrollo integral<\/li>\r\n<li>Expresi\u00f3n l\u00fadica y recreaci\u00f3n<\/li>\r\n<li>Unidad de titulaci\u00f3n<\/li>\r\n<\/ul>\r\n<p>[\/vc_column_text][\/vc_tta_section][\/vc_tta_accordion][\/vc_column][\/vc_row][vc_row][vc_column][vc_column_text]<strong><img loading=\"lazy\" decoding=\"async\" class=\"wp-image-16859 size-full aligncenter\" src=\"https:\/\/www.uea.edu.ec\/wp-content\/uploads\/2023\/01\/descargas-1.png\" alt=\"\" width=\"264\" height=\"58\" \/><\/strong><\/p>\r\n<ul>\r\n<li><a href=\"https:\/\/www.uea.edu.ec\/wp-content\/uploads\/2023\/01\/MALLA-EDUCACION-BASICA.pdf\"><span style=\"color: #ff6600;\"><strong><em>Descargar malla curricular de Educaci\u00f3n B\u00e1sica<\/em><\/strong><\/span><\/a><\/li>\r\n<\/ul>\r\n<p>[\/vc_column_text][\/vc_column][\/vc_row]<\/p><\/section>","protected":false},"excerpt":{"rendered":"<p>[vc_row][vc_column][vc_column_text] &nbsp; [\/vc_column_text][\/vc_column][\/vc_row][vc_row][vc_column][vc_column_text] La carrera aprobada mediante Resoluci\u00f3n Nro. RPC-SO-51-No.826-2022, emitida por el Consejo de Educaci\u00f3n Superior, se desarrollar\u00e1 bajo la modalidad En L\u00ednea, mediante asignaturas dise\u00f1adas especialmente para lograr la interactividad constante con los estudiantes, con el empleo de la plataforma de entorno de aprendizaje MOODLE y la plataforma colaborativa Microsoft TEAMS para video &#8230; <a title=\"EDUCACI\u00d3N B\u00c1SICA\" class=\"read-more\" href=\"https:\/\/www.uea.edu.ec\/web\/v1\/?page_id=16761\" aria-label=\"M\u00e1s en EDUCACI\u00d3N B\u00c1SICA\">Leer m\u00e1s<\/a><\/p>\n","protected":false},"author":100,"featured_media":0,"parent":0,"menu_order":0,"comment_status":"closed","ping_status":"closed","template":"","meta":{"om_disable_all_campaigns":false,"_monsterinsights_skip_tracking":false,"_monsterinsights_sitenote_active":false,"_monsterinsights_sitenote_note":"","_monsterinsights_sitenote_category":0,"generate_page_header":"","footnotes":""},"class_list":["post-16761","page","type-page","status-publish"],"aioseo_notices":[],"_links":{"self":[{"href":"https:\/\/www.uea.edu.ec\/web\/v1\/index.php?rest_route=\/wp\/v2\/pages\/16761"}],"collection":[{"href":"https:\/\/www.uea.edu.ec\/web\/v1\/index.php?rest_route=\/wp\/v2\/pages"}],"about":[{"href":"https:\/\/www.uea.edu.ec\/web\/v1\/index.php?rest_route=\/wp\/v2\/types\/page"}],"author":[{"embeddable":true,"href":"https:\/\/www.uea.edu.ec\/web\/v1\/index.php?rest_route=\/wp\/v2\/users\/100"}],"replies":[{"embeddable":true,"href":"https:\/\/www.uea.edu.ec\/web\/v1\/index.php?rest_route=%2Fwp%2Fv2%2Fcomments&post=16761"}],"version-history":[{"count":15,"href":"https:\/\/www.uea.edu.ec\/web\/v1\/index.php?rest_route=\/wp\/v2\/pages\/16761\/revisions"}],"predecessor-version":[{"id":19102,"href":"https:\/\/www.uea.edu.ec\/web\/v1\/index.php?rest_route=\/wp\/v2\/pages\/16761\/revisions\/19102"}],"wp:attachment":[{"href":"https:\/\/www.uea.edu.ec\/web\/v1\/index.php?rest_route=%2Fwp%2Fv2%2Fmedia&parent=16761"}],"curies":[{"name":"wp","href":"https:\/\/api.w.org\/{rel}","templated":true}]}}