{"id":7261,"date":"2019-07-31T10:29:35","date_gmt":"2019-07-31T15:29:35","guid":{"rendered":"https:\/\/www.uea.edu.ec\/?page_id=7261"},"modified":"2023-01-21T21:22:38","modified_gmt":"2023-01-22T02:22:38","slug":"licenciatura-en-comunicacion","status":"publish","type":"page","link":"https:\/\/www.uea.edu.ec\/web\/v1\/?page_id=7261","title":{"rendered":"Licenciatura en Comunicaci\u00f3n"},"content":{"rendered":"<section class=\"wpb-content-wrapper\"><p>[vc_row][vc_column][vc_column_text]<\/p>\r\n\r\n<figure class=\"wp-block-image size-large\"><img fetchpriority=\"high\" decoding=\"async\" width=\"584\" height=\"386\" src=\"https:\/\/www.uea.edu.ec\/wp-content\/uploads\/2021\/04\/carrera_comunicacion.jpg\" alt=\"\" class=\"wp-image-12032\" srcset=\"https:\/\/www.uea.edu.ec\/web\/v1\/wp-content\/uploads\/2021\/04\/carrera_comunicacion.jpg 584w, https:\/\/www.uea.edu.ec\/web\/v1\/wp-content\/uploads\/2021\/04\/carrera_comunicacion-300x198.jpg 300w\" sizes=\"(max-width: 584px) 100vw, 584px\" \/><\/figure>\r\n<p>[vc_row][vc_column width=&#8221;1\/1&#8243;][vc_column_text]<\/p>\r\n<p>[\/vc_column_text][\/vc_column][\/vc_row][vc_row][vc_column][vc_column_text]<\/p>\r\n<p style=\"text-align: justify;\">\r\n<p style=\"text-align: justify;\"><strong><img decoding=\"async\" class=\"size-full wp-image-16827 aligncenter\" src=\"https:\/\/www.uea.edu.ec\/wp-content\/uploads\/2023\/01\/2.png\" alt=\"\" width=\"284\" height=\"65\" \/><\/strong>El 10 de mayo de 2018, se aprueba la Ley Org\u00e1nica para la Planificaci\u00f3n Integral de la Circunscripci\u00f3n Territorial Especial Amaz\u00f3nica. Qu\u00e9, en la Disposici\u00f3n Transitoria Decima Quinta expresa lo siguiente: \u201cEn un plazo de 180 d\u00edas la Universidad Estatal Amaz\u00f3nica presentar\u00e1 a los organismos competentes una propuesta de creaci\u00f3n de la Carrera de Comunicaci\u00f3n, conforme los requisitos y procedimientos establecidos en la Ley\u201d. Es as\u00ed, como el Honorable Consejo Universitario cre\u00f3 la Comisi\u00f3n para elaborar el dise\u00f1o de la carrera de Comunicaci\u00f3n y presentar al Consejo de Educaci\u00f3n Superior (CES). Este ente rector, aprueba el dise\u00f1o de la Carrera de Comunicaci\u00f3n el 29 de mayo de 2019 (Resoluci\u00f3n SO-19-N.335-2019), pero, con la Reforma al Reglamento de R\u00e9gimen Acad\u00e9mico (2019), fue necesario presentar nuevamente para ajustarla al marco jur\u00eddico vigente, siendo aprobada el 04 de marzo de 2020 con Resoluci\u00f3n SO-08-N. 148- 2020 y una vigencia de 10 a\u00f1os. En junio 2020, se dio inicio al primer per\u00edodo acad\u00e9mico de la Carrera de Comunicaci\u00f3n con 49 estudiantes. A la fecha, tenemos tres per\u00edodos acad\u00e9micos (PAO) en ejecuci\u00f3n, y en torno a 134 estudiantes matriculados.<\/p>\r\n<p style=\"text-align: justify;\"><strong><img decoding=\"async\" class=\"aligncenter wp-image-16797 size-full\" src=\"https:\/\/www.uea.edu.ec\/wp-content\/uploads\/2023\/01\/3.png\" alt=\"\" width=\"284\" height=\"65\" \/>\u00a0<\/strong>La carrera se dicta bajo la modalidad presencial, horario nocturno, con una duraci\u00f3n de nueve (IX) semestres, 44 asignaturas y 6480 horas pedag\u00f3gicas. El Plan de Estudio est\u00e1 dividido en tres unidades de aprendizajes: Un \u00e1rea b\u00e1sica, que tiene como finalidad que el estudiante adquiera conocimientos te\u00f3ricos que en un futuro puedan orientar su pr\u00e1ctica profesional. Un \u00e1rea profesional, donde las asignaturas buscan el desarrollo de habilidades y destrezas para ser aplicados en la comunicaci\u00f3n. Integraci\u00f3n Curricular donde se combinan todos los conocimientos te\u00f3ricos pr\u00e1cticos de las unidades anteriores y la capacidad de crear nuevos conocimientos. La carrera contempla el desarrollo de 240 horas de Pr\u00e1cticas Preprofesionales, 144 de Pr\u00e1cticas de Servicio Comunitario y 384 horas para la Integraci\u00f3n Curricular. El t\u00edtulo otorgado es de Licenciado (a) en Comunicaci\u00f3n. Duraci\u00f3n: 9 per\u00edodos acad\u00e9micos.<\/p>\r\n<p style=\"text-align: justify;\"><strong><img loading=\"lazy\" decoding=\"async\" class=\"size-full wp-image-16800 aligncenter\" src=\"https:\/\/www.uea.edu.ec\/wp-content\/uploads\/2023\/01\/4.png\" alt=\"\" width=\"284\" height=\"65\" \/><\/strong>Formar profesionales de la comunicaci\u00f3n con enfoque multidisciplinario, emprendedores, creativos, capacidad cient\u00edfica, e investigativa, principios \u00e9ticos y solidarios que fortalezcan la gesti\u00f3n e implementaci\u00f3n de pol\u00edticas y estrategias comunicacionales efectivas, en procura de la soluci\u00f3n de los problemas socioculturales de la regi\u00f3n amaz\u00f3nica y del pa\u00eds en general.<\/p>\r\n<p style=\"text-align: justify;\"><strong><img loading=\"lazy\" decoding=\"async\" class=\"size-full wp-image-16799 aligncenter\" src=\"https:\/\/www.uea.edu.ec\/wp-content\/uploads\/2023\/01\/5.png\" alt=\"\" width=\"284\" height=\"65\" \/><\/strong>Ser reconocida como l\u00edder regional por su aporte y contribuci\u00f3n en la formaci\u00f3n de comunicadores sociales con rigor acad\u00e9mico, quienes desde su ejercicio profesional puedan ayudar a la conformaci\u00f3n de una sociedad m\u00e1s justa y libre.<\/p>\r\n<p style=\"text-align: justify;\"><strong><img loading=\"lazy\" decoding=\"async\" class=\"size-full wp-image-16801 aligncenter\" src=\"https:\/\/www.uea.edu.ec\/wp-content\/uploads\/2023\/01\/6.png\" alt=\"\" width=\"284\" height=\"65\" \/><\/strong>Formar profesionales con excelencia t\u00e9cnica y human\u00edstica en el campo de la comunicaci\u00f3n, que permita la caracterizaci\u00f3n, planificaci\u00f3n, producci\u00f3n e implementaci\u00f3n de estrategias y productos comunicacionales con valores \u00e9ticos y l\u00f3gica profesional que promueva el fortalecimiento del buen vivir en la regi\u00f3n y el pa\u00eds.<\/p>\r\n<p style=\"text-align: justify;\"><strong><img loading=\"lazy\" decoding=\"async\" class=\"aligncenter wp-image-16803 size-full\" src=\"https:\/\/www.uea.edu.ec\/wp-content\/uploads\/2023\/01\/8.png\" alt=\"\" width=\"284\" height=\"65\" \/><\/strong>\u00a0El Comunicador egresado de la Universidad Estatal Amaz\u00f3nica es un profesional que cuenta con formaci\u00f3n human\u00edstica y en investigaci\u00f3n que le permite indagar las causas y entender las consecuencias de los problemas locales, nacionales e internacionales, para luego fungir como orientador de la opini\u00f3n p\u00fablica y propiciar cambios positivos en el medio social.<\/p>\r\n<p style=\"text-align: justify;\">Dise\u00f1a e implementa estrategias de difusi\u00f3n de contenidos para p\u00fablicos masivos, corporativos o focalizados y por lo tanto puede desarrollar su profesi\u00f3n desde, la comunicaci\u00f3n en las organizaciones, la comunicaci\u00f3n pol\u00edtica y la comunicaci\u00f3n para el desarrollo, usando diferentes formatos y g\u00e9neros, tanto narrativos como period\u00edsticos, con sentido \u00e9tico, est\u00e9tico y creativo, a la vez que es capaz de integrar equipos de trabajo interdisciplinares, generando valor agregado desde el \u00e1rea de su experticia.<\/p>\r\n<p style=\"text-align: justify;\"><strong><img loading=\"lazy\" decoding=\"async\" class=\"aligncenter wp-image-16804 size-full\" src=\"https:\/\/www.uea.edu.ec\/wp-content\/uploads\/2023\/01\/9.png\" alt=\"\" width=\"408\" height=\"65\" srcset=\"https:\/\/www.uea.edu.ec\/web\/v1\/wp-content\/uploads\/2023\/01\/9.png 408w, https:\/\/www.uea.edu.ec\/web\/v1\/wp-content\/uploads\/2023\/01\/9-300x48.png 300w\" sizes=\"(max-width: 408px) 100vw, 408px\" \/><\/strong>\u00a0La Universidad Estatal Amaz\u00f3nica cuenta con programas multidisciplinarios que soportan la docencia y la investigaci\u00f3n en la Carrera de Comunicaci\u00f3n:<\/p>\r\n<ul style=\"text-align: justify;\">\r\n<li>Plurinacionalidad, Saberes Ancestrales y Gesti\u00f3n del Conocimiento<\/li>\r\n<li>Econom\u00eda, gesti\u00f3n, socio diversidad, producci\u00f3n, productividad, innovaci\u00f3n y desarrollo empresarial.<\/li>\r\n<\/ul>\r\n<p>Problemas y\/o proyectos de investigaci\u00f3n para ser considerados en cada uno de los niveles de organizaci\u00f3n de los aprendizajes:<\/p>\r\n<p style=\"text-align: justify;\"><strong>Unidad B\u00e1sica<\/strong><\/p>\r\n<ul style=\"text-align: justify;\">\r\n<li>An\u00e1lisis de los contextos hist\u00f3ricos en los que se han desarrollado los estudios comunicativos en el Ecuador.<\/li>\r\n<li>Estudio cr\u00edtico de la est\u00e9tica de la imagen en la formaci\u00f3n de los nuevos colectivos fotogr\u00e1ficos en la provincia<\/li>\r\n<li>Dise\u00f1o de plataformas digitales para difusi\u00f3n de la cultura de Pastaza<\/li>\r\n<\/ul>\r\n<p style=\"text-align: justify;\"><strong>Unidad Profesional <\/strong><\/p>\r\n<ul style=\"text-align: justify;\">\r\n<li>El guion audiovisual y la propuesta de investigaci\u00f3n para documental.<\/li>\r\n<li>Producci\u00f3n radiof\u00f3nica, audiovisual y digital enfocado en una problem\u00e1tica sociocultural<\/li>\r\n<li>Publicidad creativa en la provincia<\/li>\r\n<\/ul>\r\n<p style=\"text-align: justify;\"><strong>Unidad Integraci\u00f3n Curricular<\/strong><\/p>\r\n<ul style=\"text-align: justify;\">\r\n<li>Proyectos para impulsar la comunicaci\u00f3n organizacional en empresas p\u00fablicas privadas y comunitarias.<\/li>\r\n<\/ul>\r\n<p style=\"text-align: justify;\"><strong><img loading=\"lazy\" decoding=\"async\" class=\"wp-image-16858 size-full aligncenter\" src=\"https:\/\/www.uea.edu.ec\/wp-content\/uploads\/2023\/01\/contacto-1.png\" alt=\"\" width=\"264\" height=\"58\" \/><\/strong><strong>Contacto: <\/strong><\/p>\r\n<p style=\"text-align: justify;\"><strong>E-mail:<\/strong> comunicacion@uea.edu.ec<\/p>\r\n<p style=\"text-align: justify;\"><strong><img loading=\"lazy\" decoding=\"async\" class=\"wp-image-16859 size-full aligncenter\" src=\"https:\/\/www.uea.edu.ec\/wp-content\/uploads\/2023\/01\/descargas-1.png\" alt=\"\" width=\"264\" height=\"58\" \/><\/strong><\/p>\r\n<ul>\r\n<li style=\"text-align: justify;\"><strong><span style=\"color: #808000;\"><a style=\"color: #808000;\" href=\"https:\/\/www.uea.edu.ec\/wp-content\/uploads\/MALLA_COMUNICACION_2022.pdf\" target=\"_blank\" rel=\"noopener noreferrer\"><em><span style=\"color: #ff6600;\">Descargar malla curricular de Licenciatura de Comunicaci\u00f3n<\/span><\/em><\/a><\/span><\/strong><\/li>\r\n<\/ul>\r\n<p>[\/vc_column_text][\/vc_column][\/vc_row][vc_row][vc_column][vc_column_text][\/vc_column_text][\/vc_column][\/vc_row]<\/p>\r\n<\/section>","protected":false},"excerpt":{"rendered":"<p>[vc_row][vc_column][vc_column_text] [vc_row][vc_column width=&#8221;1\/1&#8243;][vc_column_text] [\/vc_column_text][\/vc_column][\/vc_row][vc_row][vc_column][vc_column_text] El 10 de mayo de 2018, se aprueba la Ley Org\u00e1nica para la Planificaci\u00f3n Integral de la Circunscripci\u00f3n Territorial Especial Amaz\u00f3nica. Qu\u00e9, en la Disposici\u00f3n Transitoria Decima Quinta expresa lo siguiente: \u201cEn un plazo de 180 d\u00edas la Universidad Estatal Amaz\u00f3nica presentar\u00e1 a los organismos competentes una propuesta de creaci\u00f3n de &#8230; <a title=\"Licenciatura en Comunicaci\u00f3n\" class=\"read-more\" href=\"https:\/\/www.uea.edu.ec\/web\/v1\/?page_id=7261\" aria-label=\"M\u00e1s en Licenciatura en Comunicaci\u00f3n\">Leer m\u00e1s<\/a><\/p>\n","protected":false},"author":2,"featured_media":0,"parent":0,"menu_order":0,"comment_status":"closed","ping_status":"closed","template":"","meta":{"om_disable_all_campaigns":false,"_monsterinsights_skip_tracking":false,"_monsterinsights_sitenote_active":false,"_monsterinsights_sitenote_note":"","_monsterinsights_sitenote_category":0,"generate_page_header":"","footnotes":""},"class_list":["post-7261","page","type-page","status-publish"],"aioseo_notices":[],"_links":{"self":[{"href":"https:\/\/www.uea.edu.ec\/web\/v1\/index.php?rest_route=\/wp\/v2\/pages\/7261"}],"collection":[{"href":"https:\/\/www.uea.edu.ec\/web\/v1\/index.php?rest_route=\/wp\/v2\/pages"}],"about":[{"href":"https:\/\/www.uea.edu.ec\/web\/v1\/index.php?rest_route=\/wp\/v2\/types\/page"}],"author":[{"embeddable":true,"href":"https:\/\/www.uea.edu.ec\/web\/v1\/index.php?rest_route=\/wp\/v2\/users\/2"}],"replies":[{"embeddable":true,"href":"https:\/\/www.uea.edu.ec\/web\/v1\/index.php?rest_route=%2Fwp%2Fv2%2Fcomments&post=7261"}],"version-history":[{"count":40,"href":"https:\/\/www.uea.edu.ec\/web\/v1\/index.php?rest_route=\/wp\/v2\/pages\/7261\/revisions"}],"predecessor-version":[{"id":16910,"href":"https:\/\/www.uea.edu.ec\/web\/v1\/index.php?rest_route=\/wp\/v2\/pages\/7261\/revisions\/16910"}],"wp:attachment":[{"href":"https:\/\/www.uea.edu.ec\/web\/v1\/index.php?rest_route=%2Fwp%2Fv2%2Fmedia&parent=7261"}],"curies":[{"name":"wp","href":"https:\/\/api.w.org\/{rel}","templated":true}]}}