{"id":7515,"date":"2019-11-12T11:02:21","date_gmt":"2019-11-12T16:02:21","guid":{"rendered":"https:\/\/www.uea.edu.ec\/?page_id=7515"},"modified":"2022-05-24T12:18:29","modified_gmt":"2022-05-24T17:18:29","slug":"representantes-del-consejo-universitario-de-la-uea","status":"publish","type":"page","link":"https:\/\/www.uea.edu.ec\/web\/v1\/?page_id=7515","title":{"rendered":"representantes del consejo universitario de la uea"},"content":{"rendered":"<section class=\"wpb-content-wrapper\">[vc_row][vc_column][vc_column_text]<table style=\"width: 80.0905%; height: 640px;\">\n<tbody>\n<tr style=\"height: 252px;\">\n<td style=\"width: 61.017%; height: 252px;\">\n<p><strong>Dr. C. David Sancho, PhD.<\/strong><\/p>\n<p>Presidente del Consejo Universitario<\/p>\n<p>Rector de la Universidad Estatal Amaz\u00f3nica<\/p>\n<\/td>\n<td style=\"width: 38.7947%; height: 252px;\">\n<p><img fetchpriority=\"high\" decoding=\"async\" class=\"alignnone wp-image-14862 size-medium\" src=\"https:\/\/www.uea.edu.ec\/wp-content\/uploads\/2022\/04\/DR_DAVID_SANCHO-2-238x300.jpg\" alt=\"\" width=\"238\" height=\"300\" srcset=\"https:\/\/www.uea.edu.ec\/web\/v1\/wp-content\/uploads\/2022\/04\/DR_DAVID_SANCHO-2-238x300.jpg 238w, https:\/\/www.uea.edu.ec\/web\/v1\/wp-content\/uploads\/2022\/04\/DR_DAVID_SANCHO-2-811x1024.jpg 811w, https:\/\/www.uea.edu.ec\/web\/v1\/wp-content\/uploads\/2022\/04\/DR_DAVID_SANCHO-2-768x969.jpg 768w, https:\/\/www.uea.edu.ec\/web\/v1\/wp-content\/uploads\/2022\/04\/DR_DAVID_SANCHO-2-1217x1536.jpg 1217w, https:\/\/www.uea.edu.ec\/web\/v1\/wp-content\/uploads\/2022\/04\/DR_DAVID_SANCHO-2.jpg 1476w\" sizes=\"(max-width: 238px) 100vw, 238px\" \/><\/p>\n<\/td>\n<\/tr>\n<tr style=\"height: 194px;\">\n<td style=\"width: 61.017%; height: 194px;\">\n<p><strong>Dra. Esthela San Andr\u00e9s, PhD.<\/strong><\/p>\n<p>Miembro del Consejo Universitario<\/p>\n<p>Vicerrectora Acad\u00e9mica<\/p>\n<\/td>\n<td style=\"width: 38.7947%; height: 194px;\"><img decoding=\"async\" class=\"alignnone wp-image-14815 size-medium\" src=\"https:\/\/www.uea.edu.ec\/wp-content\/uploads\/2022\/04\/DRA_SAN_ANDRES-219x300.jpg\" alt=\"\" width=\"219\" height=\"300\" srcset=\"https:\/\/www.uea.edu.ec\/web\/v1\/wp-content\/uploads\/2022\/04\/DRA_SAN_ANDRES-219x300.jpg 219w, https:\/\/www.uea.edu.ec\/web\/v1\/wp-content\/uploads\/2022\/04\/DRA_SAN_ANDRES-747x1024.jpg 747w, https:\/\/www.uea.edu.ec\/web\/v1\/wp-content\/uploads\/2022\/04\/DRA_SAN_ANDRES-768x1053.jpg 768w, https:\/\/www.uea.edu.ec\/web\/v1\/wp-content\/uploads\/2022\/04\/DRA_SAN_ANDRES-1121x1536.jpg 1121w, https:\/\/www.uea.edu.ec\/web\/v1\/wp-content\/uploads\/2022\/04\/DRA_SAN_ANDRES.jpg 1476w\" sizes=\"(max-width: 219px) 100vw, 219px\" \/><\/td>\n<\/tr>\n<tr style=\"height: 194px;\">\n<td style=\"width: 61.017%; height: 194px;\">\n<p><strong>Dr. Carlos Manosalvas, PhD.<\/strong><\/p>\n<p>Miembro del Consejo Universitario<\/p>\n<p>Vicerrector Administrativo<\/p>\n<\/td>\n<td style=\"width: 38.7947%; height: 194px;\"><img decoding=\"async\" class=\"alignnone wp-image-14819 size-medium\" src=\"https:\/\/www.uea.edu.ec\/wp-content\/uploads\/2022\/04\/DR_CARLOS_MANOSALVAS1-219x300.jpg\" alt=\"\" width=\"219\" height=\"300\" srcset=\"https:\/\/www.uea.edu.ec\/web\/v1\/wp-content\/uploads\/2022\/04\/DR_CARLOS_MANOSALVAS1-219x300.jpg 219w, https:\/\/www.uea.edu.ec\/web\/v1\/wp-content\/uploads\/2022\/04\/DR_CARLOS_MANOSALVAS1-747x1024.jpg 747w, https:\/\/www.uea.edu.ec\/web\/v1\/wp-content\/uploads\/2022\/04\/DR_CARLOS_MANOSALVAS1-768x1053.jpg 768w, https:\/\/www.uea.edu.ec\/web\/v1\/wp-content\/uploads\/2022\/04\/DR_CARLOS_MANOSALVAS1-1121x1536.jpg 1121w, https:\/\/www.uea.edu.ec\/web\/v1\/wp-content\/uploads\/2022\/04\/DR_CARLOS_MANOSALVAS1.jpg 1476w\" sizes=\"(max-width: 219px) 100vw, 219px\" \/><\/td>\n<\/tr>\n<\/tbody>\n<\/table>\n<table style=\"border-collapse: collapse; width: 79.7458%; height: 1014px;\">\n<tbody>\n<tr style=\"height: 133px;\">\n<td style=\"width: 47.7316%; height: 133px;\">\n<p><strong>Dr. Olivier Meric, PhD. <br \/><\/strong><\/p>\n<p>Miembro del Consejo Universitario<\/p>\n<p>Representante de los Decanos<\/p>\n<\/td>\n<td style=\"width: 29.6257%; height: 133px;\"><strong><img loading=\"lazy\" decoding=\"async\" class=\"alignnone size-medium wp-image-14882\" src=\"https:\/\/www.uea.edu.ec\/wp-content\/uploads\/2022\/04\/DR.OLIVIER_MERIC-219x300.jpg\" alt=\"\" width=\"219\" height=\"300\" srcset=\"https:\/\/www.uea.edu.ec\/web\/v1\/wp-content\/uploads\/2022\/04\/DR.OLIVIER_MERIC-219x300.jpg 219w, https:\/\/www.uea.edu.ec\/web\/v1\/wp-content\/uploads\/2022\/04\/DR.OLIVIER_MERIC-747x1024.jpg 747w, https:\/\/www.uea.edu.ec\/web\/v1\/wp-content\/uploads\/2022\/04\/DR.OLIVIER_MERIC-768x1053.jpg 768w, https:\/\/www.uea.edu.ec\/web\/v1\/wp-content\/uploads\/2022\/04\/DR.OLIVIER_MERIC-1121x1536.jpg 1121w, https:\/\/www.uea.edu.ec\/web\/v1\/wp-content\/uploads\/2022\/04\/DR.OLIVIER_MERIC.jpg 1476w\" sizes=\"(max-width: 219px) 100vw, 219px\" \/><\/strong><\/td>\n<\/tr>\n<tr style=\"height: 108px;\">\n<td style=\"width: 47.7316%; height: 108px;\">\n<p><strong>MSc. Tania Cristina Cevallos Punguil<\/strong><\/p>\n<p>Representante de Docentes de la UEA<\/p>\n<\/td>\n<td style=\"width: 29.6257%; height: 108px;\"><img loading=\"lazy\" decoding=\"async\" class=\"alignnone wp-image-12190 size-medium\" src=\"https:\/\/www.uea.edu.ec\/wp-content\/uploads\/2021\/05\/Tania_Cevallos-300x300.jpg\" alt=\"\" width=\"300\" height=\"300\" srcset=\"https:\/\/www.uea.edu.ec\/web\/v1\/wp-content\/uploads\/2021\/05\/Tania_Cevallos-300x300.jpg 300w, https:\/\/www.uea.edu.ec\/web\/v1\/wp-content\/uploads\/2021\/05\/Tania_Cevallos-1024x1021.jpg 1024w, https:\/\/www.uea.edu.ec\/web\/v1\/wp-content\/uploads\/2021\/05\/Tania_Cevallos-150x150.jpg 150w, https:\/\/www.uea.edu.ec\/web\/v1\/wp-content\/uploads\/2021\/05\/Tania_Cevallos-768x766.jpg 768w, https:\/\/www.uea.edu.ec\/web\/v1\/wp-content\/uploads\/2021\/05\/Tania_Cevallos-640x640.jpg 640w, https:\/\/www.uea.edu.ec\/web\/v1\/wp-content\/uploads\/2021\/05\/Tania_Cevallos-1536x1532.jpg 1536w, https:\/\/www.uea.edu.ec\/web\/v1\/wp-content\/uploads\/2021\/05\/Tania_Cevallos-500x500.jpg 500w, https:\/\/www.uea.edu.ec\/web\/v1\/wp-content\/uploads\/2021\/05\/Tania_Cevallos.jpg 1786w\" sizes=\"(max-width: 300px) 100vw, 300px\" \/><\/td>\n<\/tr>\n<tr style=\"height: 108px;\">\n<td style=\"width: 47.7316%; height: 108px;\">\n<p><strong>Ec. Luis Armijo Auquilla Belema<br \/><\/strong><\/p>\n<p>Representante de Docentes de la UEA<\/p>\n<\/td>\n<td style=\"width: 29.6257%; height: 108px;\"><img loading=\"lazy\" decoding=\"async\" class=\"alignnone wp-image-12194 size-medium\" src=\"https:\/\/www.uea.edu.ec\/wp-content\/uploads\/2021\/05\/Luis_Auquilla-300x300.jpg\" alt=\"\" width=\"300\" height=\"300\" srcset=\"https:\/\/www.uea.edu.ec\/web\/v1\/wp-content\/uploads\/2021\/05\/Luis_Auquilla-300x300.jpg 300w, https:\/\/www.uea.edu.ec\/web\/v1\/wp-content\/uploads\/2021\/05\/Luis_Auquilla-1024x1021.jpg 1024w, https:\/\/www.uea.edu.ec\/web\/v1\/wp-content\/uploads\/2021\/05\/Luis_Auquilla-150x150.jpg 150w, https:\/\/www.uea.edu.ec\/web\/v1\/wp-content\/uploads\/2021\/05\/Luis_Auquilla-768x766.jpg 768w, https:\/\/www.uea.edu.ec\/web\/v1\/wp-content\/uploads\/2021\/05\/Luis_Auquilla-640x640.jpg 640w, https:\/\/www.uea.edu.ec\/web\/v1\/wp-content\/uploads\/2021\/05\/Luis_Auquilla-1536x1532.jpg 1536w, https:\/\/www.uea.edu.ec\/web\/v1\/wp-content\/uploads\/2021\/05\/Luis_Auquilla-500x500.jpg 500w, https:\/\/www.uea.edu.ec\/web\/v1\/wp-content\/uploads\/2021\/05\/Luis_Auquilla.jpg 1786w\" sizes=\"(max-width: 300px) 100vw, 300px\" \/><\/td>\n<\/tr>\n<tr style=\"height: 133px;\">\n<td style=\"width: 47.7316%; height: 133px;\">\n<p><strong>Sr. Jos\u00e9 Antonio Saltos L\u00f3pez<br \/><\/strong><\/p>\n<p>Representante de Empleados y Trabajadores de la UEA<\/p>\n<\/td>\n<td style=\"width: 29.6257%; height: 133px;\"><img loading=\"lazy\" decoding=\"async\" class=\"alignnone wp-image-14888 size-medium\" src=\"https:\/\/www.uea.edu.ec\/wp-content\/uploads\/2022\/04\/SR_JOSE_SALTOS-219x300.jpg\" alt=\"\" width=\"219\" height=\"300\" srcset=\"https:\/\/www.uea.edu.ec\/web\/v1\/wp-content\/uploads\/2022\/04\/SR_JOSE_SALTOS-219x300.jpg 219w, https:\/\/www.uea.edu.ec\/web\/v1\/wp-content\/uploads\/2022\/04\/SR_JOSE_SALTOS-747x1024.jpg 747w, https:\/\/www.uea.edu.ec\/web\/v1\/wp-content\/uploads\/2022\/04\/SR_JOSE_SALTOS-768x1053.jpg 768w, https:\/\/www.uea.edu.ec\/web\/v1\/wp-content\/uploads\/2022\/04\/SR_JOSE_SALTOS-1121x1536.jpg 1121w, https:\/\/www.uea.edu.ec\/web\/v1\/wp-content\/uploads\/2022\/04\/SR_JOSE_SALTOS.jpg 1476w\" sizes=\"(max-width: 219px) 100vw, 219px\" \/><\/td>\n<\/tr>\n<\/tbody>\n<\/table>\n<p><\/p>\n<p class=\"wp-block-gallery-1 is-layout-flex wp-block-gallery-is-layout-flex\"><\/p>[\/vc_column_text][\/vc_column][\/vc_row]<\/section>","protected":false},"excerpt":{"rendered":"<p>[vc_row][vc_column][vc_column_text] Dr. C. David Sancho, PhD. Presidente del Consejo Universitario Rector de la Universidad Estatal Amaz\u00f3nica Dra. Esthela San Andr\u00e9s, PhD. Miembro del Consejo Universitario Vicerrectora Acad\u00e9mica Dr. Carlos Manosalvas, PhD. Miembro del Consejo Universitario Vicerrector Administrativo Dr. Olivier Meric, PhD. Miembro del Consejo Universitario Representante de los Decanos MSc. Tania Cristina Cevallos Punguil Representante &#8230; <a title=\"representantes del consejo universitario de la uea\" class=\"read-more\" href=\"https:\/\/www.uea.edu.ec\/web\/v1\/?page_id=7515\" aria-label=\"M\u00e1s en representantes del consejo universitario de la uea\">Leer m\u00e1s<\/a><\/p>\n","protected":false},"author":8,"featured_media":0,"parent":0,"menu_order":0,"comment_status":"closed","ping_status":"closed","template":"","meta":{"om_disable_all_campaigns":false,"_monsterinsights_skip_tracking":false,"_monsterinsights_sitenote_active":false,"_monsterinsights_sitenote_note":"","_monsterinsights_sitenote_category":0,"generate_page_header":"","footnotes":""},"class_list":["post-7515","page","type-page","status-publish"],"aioseo_notices":[],"_links":{"self":[{"href":"https:\/\/www.uea.edu.ec\/web\/v1\/index.php?rest_route=\/wp\/v2\/pages\/7515"}],"collection":[{"href":"https:\/\/www.uea.edu.ec\/web\/v1\/index.php?rest_route=\/wp\/v2\/pages"}],"about":[{"href":"https:\/\/www.uea.edu.ec\/web\/v1\/index.php?rest_route=\/wp\/v2\/types\/page"}],"author":[{"embeddable":true,"href":"https:\/\/www.uea.edu.ec\/web\/v1\/index.php?rest_route=\/wp\/v2\/users\/8"}],"replies":[{"embeddable":true,"href":"https:\/\/www.uea.edu.ec\/web\/v1\/index.php?rest_route=%2Fwp%2Fv2%2Fcomments&post=7515"}],"version-history":[{"count":37,"href":"https:\/\/www.uea.edu.ec\/web\/v1\/index.php?rest_route=\/wp\/v2\/pages\/7515\/revisions"}],"predecessor-version":[{"id":15182,"href":"https:\/\/www.uea.edu.ec\/web\/v1\/index.php?rest_route=\/wp\/v2\/pages\/7515\/revisions\/15182"}],"wp:attachment":[{"href":"https:\/\/www.uea.edu.ec\/web\/v1\/index.php?rest_route=%2Fwp%2Fv2%2Fmedia&parent=7515"}],"curies":[{"name":"wp","href":"https:\/\/api.w.org\/{rel}","templated":true}]}}