{"id":7767,"date":"2019-12-04T22:26:45","date_gmt":"2019-12-05T03:26:45","guid":{"rendered":"https:\/\/www.uea.edu.ec\/?page_id=7767"},"modified":"2022-03-09T15:43:55","modified_gmt":"2022-03-09T20:43:55","slug":"reglamentos-vigentes-2016","status":"publish","type":"page","link":"https:\/\/www.uea.edu.ec\/web\/v1\/?page_id=7767","title":{"rendered":"REGLAMENTOS VIGENTES 2016"},"content":{"rendered":"<section class=\"wpb-content-wrapper\"><p>[vc_row][vc_column][vc_column_text]<\/p>\n<ul>\n<li><a href=\"https:\/\/www.uea.edu.ec\/wp-content\/uploads\/2019\/12\/REGLA_01_2016.pdf\" target=\"_blank\" rel=\"noopener noreferrer\">Reglamento de Creaci\u00f3n y funcionamiento del Centro de Educaci\u00f3n Continua-CEC de la UEA &#8211; Agosto de\u00a0 2016<\/a><\/li>\n<li><a href=\"https:\/\/www.uea.edu.ec\/wp-content\/uploads\/2019\/12\/REGLA_03_2016.pdf\" target=\"_blank\" rel=\"noopener noreferrer\">Reglamento de Titulaci\u00f3n Especial de la Universidad Estatal Amaz\u00f3nica &#8211; Marzo de 2016<\/a><\/li>\n<li><a href=\"https:\/\/www.uea.edu.ec\/wp-content\/uploads\/2019\/12\/REGLA_04_2016.pdf\" target=\"_blank\" rel=\"noopener noreferrer\">Reglamento del Centro de Publicaciones de la Universidad Estatal Amaz\u00f3nica &#8211; Marzo de 2016<\/a><\/li>\n<li><a href=\"https:\/\/www.uea.edu.ec\/wp-content\/uploads\/2019\/12\/REGLA_05_2016.pdf\" target=\"_blank\" rel=\"noopener noreferrer\">Reglamento Org\u00e1nico del Sistema de Vinculaci\u00f3n con la Sociedad de la UEA &#8211; Mayo 2016<\/a><\/li>\n<\/ul>\n<p>[\/vc_column_text][\/vc_column][\/vc_row]<\/p>\n<\/section>","protected":false},"excerpt":{"rendered":"<p>[vc_row][vc_column][vc_column_text] Reglamento de Creaci\u00f3n y funcionamiento del Centro de Educaci\u00f3n Continua-CEC de la UEA &#8211; Agosto de\u00a0 2016 Reglamento de Titulaci\u00f3n Especial de la Universidad Estatal Amaz\u00f3nica &#8211; Marzo de 2016 Reglamento del Centro de Publicaciones de la Universidad Estatal Amaz\u00f3nica &#8211; Marzo de 2016 Reglamento Org\u00e1nico del Sistema de Vinculaci\u00f3n con la Sociedad de &#8230; <a title=\"REGLAMENTOS VIGENTES 2016\" class=\"read-more\" href=\"https:\/\/www.uea.edu.ec\/web\/v1\/?page_id=7767\" aria-label=\"M\u00e1s en REGLAMENTOS VIGENTES 2016\">Leer m\u00e1s<\/a><\/p>\n","protected":false},"author":8,"featured_media":0,"parent":0,"menu_order":0,"comment_status":"closed","ping_status":"closed","template":"","meta":{"om_disable_all_campaigns":false,"_monsterinsights_skip_tracking":false,"_monsterinsights_sitenote_active":false,"_monsterinsights_sitenote_note":"","_monsterinsights_sitenote_category":0,"generate_page_header":"","footnotes":""},"class_list":["post-7767","page","type-page","status-publish"],"aioseo_notices":[],"_links":{"self":[{"href":"https:\/\/www.uea.edu.ec\/web\/v1\/index.php?rest_route=\/wp\/v2\/pages\/7767"}],"collection":[{"href":"https:\/\/www.uea.edu.ec\/web\/v1\/index.php?rest_route=\/wp\/v2\/pages"}],"about":[{"href":"https:\/\/www.uea.edu.ec\/web\/v1\/index.php?rest_route=\/wp\/v2\/types\/page"}],"author":[{"embeddable":true,"href":"https:\/\/www.uea.edu.ec\/web\/v1\/index.php?rest_route=\/wp\/v2\/users\/8"}],"replies":[{"embeddable":true,"href":"https:\/\/www.uea.edu.ec\/web\/v1\/index.php?rest_route=%2Fwp%2Fv2%2Fcomments&post=7767"}],"version-history":[{"count":4,"href":"https:\/\/www.uea.edu.ec\/web\/v1\/index.php?rest_route=\/wp\/v2\/pages\/7767\/revisions"}],"predecessor-version":[{"id":14251,"href":"https:\/\/www.uea.edu.ec\/web\/v1\/index.php?rest_route=\/wp\/v2\/pages\/7767\/revisions\/14251"}],"wp:attachment":[{"href":"https:\/\/www.uea.edu.ec\/web\/v1\/index.php?rest_route=%2Fwp%2Fv2%2Fmedia&parent=7767"}],"curies":[{"name":"wp","href":"https:\/\/api.w.org\/{rel}","templated":true}]}}