{"id":32096,"date":"2023-04-17T09:25:01","date_gmt":"2023-04-17T14:25:01","guid":{"rendered":"https:\/\/web.uea.edu.ec\/web\/v2\/?page_id=32096"},"modified":"2025-01-27T16:49:06","modified_gmt":"2025-01-27T21:49:06","slug":"herbario-ecuamz","status":"publish","type":"page","link":"https:\/\/www.uea.edu.ec\/web\/v2\/?page_id=32096","title":{"rendered":""},"content":{"rendered":"\t\t<div data-elementor-type=\"wp-page\" data-elementor-id=\"32096\" class=\"elementor elementor-32096\" data-elementor-settings=\"{&quot;ha_cmc_init_switcher&quot;:&quot;no&quot;}\" data-elementor-post-type=\"page\">\n\t\t\t\t\t\t<section class=\"elementor-section elementor-top-section elementor-element elementor-element-185feab elementor-section-boxed elementor-section-height-default elementor-section-height-default\" data-id=\"185feab\" data-element_type=\"section\" data-settings=\"{&quot;_ha_eqh_enable&quot;:false}\">\n\t\t\t\t\t\t<div class=\"elementor-container elementor-column-gap-default\">\n\t\t\t\t\t<div class=\"elementor-column elementor-col-100 elementor-top-column elementor-element elementor-element-8e3320b\" data-id=\"8e3320b\" data-element_type=\"column\">\n\t\t\t<div class=\"elementor-widget-wrap elementor-element-populated\">\n\t\t\t\t\t\t<div class=\"elementor-element elementor-element-f11cce6 elementor-widget elementor-widget-heading\" data-id=\"f11cce6\" data-element_type=\"widget\" data-widget_type=\"heading.default\">\n\t\t\t\t<div class=\"elementor-widget-container\">\n\t\t\t\t\t<h2 class=\"elementor-heading-title elementor-size-default\"> HERBARIO ECUAMZ<\/h2>\t\t\t\t<\/div>\n\t\t\t\t<\/div>\n\t\t\t\t\t<\/div>\n\t\t<\/div>\n\t\t\t\t\t<\/div>\n\t\t<\/section>\n\t\t\t\t<section class=\"elementor-section elementor-top-section elementor-element elementor-element-643341c elementor-section-boxed elementor-section-height-default elementor-section-height-default\" data-id=\"643341c\" data-element_type=\"section\" data-settings=\"{&quot;background_background&quot;:&quot;classic&quot;,&quot;_ha_eqh_enable&quot;:false}\">\n\t\t\t\t\t\t<div class=\"elementor-container elementor-column-gap-default\">\n\t\t\t\t\t<div class=\"elementor-column elementor-col-100 elementor-top-column elementor-element elementor-element-1402428\" data-id=\"1402428\" data-element_type=\"column\">\n\t\t\t<div class=\"elementor-widget-wrap elementor-element-populated\">\n\t\t\t\t\t\t<div class=\"elementor-element elementor-element-ac3863b ha-has-bg-overlay elementor-widget elementor-widget-ha-advanced-tabs happy-addon ha-advanced-tabs happy-addon-pro\" data-id=\"ac3863b\" data-element_type=\"widget\" data-widget_type=\"ha-advanced-tabs.default\">\n\t\t\t\t<div class=\"elementor-widget-container\">\n\t\t\t\t\t\t\t<div class=\"ha-tabs-ac3863b ha-tabs ha-tabs--nav-left  ha-tabs--nav-y-top ha-tabs--icon-left\" role=\"tablist\">\n\t\t\t<div class=\"ha-tabs__nav\">\n\t\t\t\t\t\t\t\t\t<div id=\"ha-tab-title-1801\" class=\"ha-tab__title ha-tab__title--desktop elementor-repeater-item-dc3c2c3\" data-tab=\"1\" role=\"tab\" aria-controls=\"ha-tab__content-1801\">\n\t\t\t\t\t\t\t\t\t\t\t\t<span class=\"ha-tab__title-icon\"><i aria-hidden=\"true\" class=\"far fa-id-card\"><\/i><\/span>\n\t\t\t\t\t\t\t\t\t\t\t\t<span class=\"ha-tab__title-text\">Presentaci\u00f3n<\/span><\/div>\n\t\t\t\t\t\t\t\t\t<div id=\"ha-tab-title-1802\" class=\"ha-tab__title ha-tab__title--desktop elementor-repeater-item-f83fb0a\" data-tab=\"2\" role=\"tab\" aria-controls=\"ha-tab__content-1802\">\n\t\t\t\t\t\t\t\t\t\t\t\t<span class=\"ha-tab__title-icon\"><i aria-hidden=\"true\" class=\"fas fa-user-friends\"><\/i><\/span>\n\t\t\t\t\t\t\t\t\t\t\t\t<span class=\"ha-tab__title-text\">\u00bfQui\u00e9nes Somos?<\/span><\/div>\n\t\t\t\t\t\t\t\t\t<div id=\"ha-tab-title-1803\" class=\"ha-tab__title ha-tab__title--desktop elementor-repeater-item-62131c5\" data-tab=\"3\" role=\"tab\" aria-controls=\"ha-tab__content-1803\">\n\t\t\t\t\t\t\t\t\t\t\t\t<span class=\"ha-tab__title-icon\"><i aria-hidden=\"true\" class=\"fas fa-tasks\"><\/i><\/span>\n\t\t\t\t\t\t\t\t\t\t\t\t<span class=\"ha-tab__title-text\">Objetivo General<\/span><\/div>\n\t\t\t\t\t\t\t\t\t<div id=\"ha-tab-title-1804\" class=\"ha-tab__title ha-tab__title--desktop elementor-repeater-item-f2fd37d\" data-tab=\"4\" role=\"tab\" aria-controls=\"ha-tab__content-1804\">\n\t\t\t\t\t\t\t\t\t\t\t\t<span class=\"ha-tab__title-icon\"><i aria-hidden=\"true\" class=\"fas fa-check\"><\/i><\/span>\n\t\t\t\t\t\t\t\t\t\t\t\t<span class=\"ha-tab__title-text\">Misi\u00f3n - Visi\u00f3n<\/span><\/div>\n\t\t\t\t\t\t\t\t\t<div id=\"ha-tab-title-1805\" class=\"ha-tab__title ha-tab__title--desktop elementor-repeater-item-b1d7577\" data-tab=\"5\" role=\"tab\" aria-controls=\"ha-tab__content-1805\">\n\t\t\t\t\t\t\t\t\t\t\t\t<span class=\"ha-tab__title-icon\"><i aria-hidden=\"true\" class=\"fas fa-map-marker-alt\"><\/i><\/span>\n\t\t\t\t\t\t\t\t\t\t\t\t<span class=\"ha-tab__title-text\">Ubicaci\u00f3n<\/span><\/div>\n\t\t\t\t\t\t\t\t\t<div id=\"ha-tab-title-1806\" class=\"ha-tab__title ha-tab__title--desktop elementor-repeater-item-d956419\" data-tab=\"6\" role=\"tab\" aria-controls=\"ha-tab__content-1806\">\n\t\t\t\t\t\t\t\t\t\t\t\t<span class=\"ha-tab__title-icon\"><i aria-hidden=\"true\" class=\"far fa-file-alt\"><\/i><\/span>\n\t\t\t\t\t\t\t\t\t\t\t\t<span class=\"ha-tab__title-text\">Formatos y requisitos<\/span><\/div>\n\t\t\t\t\t\t\t\t\t<div id=\"ha-tab-title-1807\" class=\"ha-tab__title ha-tab__title--desktop elementor-repeater-item-cf708c4\" data-tab=\"7\" role=\"tab\" aria-controls=\"ha-tab__content-1807\">\n\t\t\t\t\t\t\t\t\t\t\t\t<span class=\"ha-tab__title-icon\"><i aria-hidden=\"true\" class=\"hm hm-team-member\"><\/i><\/span>\n\t\t\t\t\t\t\t\t\t\t\t\t<span class=\"ha-tab__title-text\">Personal<\/span><\/div>\n\t\t\t\t\t\t\t\t\t<div id=\"ha-tab-title-1808\" class=\"ha-tab__title ha-tab__title--desktop elementor-repeater-item-9320f3a\" data-tab=\"8\" role=\"tab\" aria-controls=\"ha-tab__content-1808\">\n\t\t\t\t\t\t\t\t\t\t\t\t<span class=\"ha-tab__title-icon\"><i aria-hidden=\"true\" class=\"fas fa-phone-volume\"><\/i><\/span>\n\t\t\t\t\t\t\t\t\t\t\t\t<span class=\"ha-tab__title-text\">Contacto<\/span><\/div>\n\t\t\t\t\t\t\t<\/div>\n\t\t\t<div class=\"ha-tabs__content\">\n\t\t\t\t\t\t\t\t\t<div class=\"ha-tab__title ha-tab__title--mobile elementor-repeater-item-dc3c2c3\" data-tab=\"1\" role=\"tab\">\n\t\t\t\t\t\t\t\t\t\t\t\t<span class=\"ha-tab__title-icon\"><i aria-hidden=\"true\" class=\"far fa-id-card\"><\/i><\/span>\n\t\t\t\t\t\t\t\t\t\t\t\t<span class=\"ha-tab__title-text\">Presentaci\u00f3n<\/span>\n\t\t\t\t\t<\/div>\n\t\t\t\t\t<div id=\"ha-tab-content-1801\" class=\"ha-tab__content ha-clearfix elementor-repeater-item-dc3c2c3\" data-tab=\"1\" role=\"tabpanel\" aria-labelledby=\"ha-tab-title-1801\">\n\t\t\t\t\t\t<h2><span style=\"color: #3eb5a7;\"><span style=\"vertical-align: inherit;\"><span style=\"vertical-align: inherit;\"><span style=\"vertical-align: inherit;\"><span style=\"vertical-align: inherit;\"><span style=\"vertical-align: inherit;\"><span style=\"vertical-align: inherit;\"><span style=\"vertical-align: inherit;\"><span style=\"vertical-align: inherit;\"><span style=\"vertical-align: inherit;\"><span style=\"vertical-align: inherit;\"><span style=\"vertical-align: inherit;\"><span style=\"vertical-align: inherit;\"><span style=\"vertical-align: inherit;\"><span style=\"vertical-align: inherit;\"><span style=\"vertical-align: inherit;\"><span style=\"vertical-align: inherit;\"><span style=\"vertical-align: inherit;\"><span style=\"vertical-align: inherit;\"><span style=\"vertical-align: inherit;\"><span style=\"vertical-align: inherit;\">PRESENTACI\u00d3N<\/span><\/span><\/span><\/span><\/span><\/span><\/span><\/span><\/span><\/span><\/span><\/span><\/span><\/span><\/span><\/span><\/span><\/span><\/span><\/span><\/span><\/h2><p><iframe title=\"Diego Guti\u00e9rrez - Curador Administrativo Herbario ECUAMZ\" width=\"750\" height=\"422\" src=\"https:\/\/www.youtube.com\/embed\/CrjB-mPP0DQ?feature=oembed\" frameborder=\"0\" allow=\"accelerometer; autoplay; clipboard-write; encrypted-media; gyroscope; picture-in-picture; web-share\" allowfullscreen><\/iframe><\/p><p style=\"text-align: justify;\">La potencialidad del Herbario ECUAMZ &#8211; Ecuador Amaz\u00f3nico, perteneciente a la Universidad Estatal Amaz\u00f3nica (UEA), radica en ubicarse en una regi\u00f3n mega diversa que concentra profundas selvas, fauna y flora privilegiadas, lo que constituye un laboratorio natural para la investigaci\u00f3n cient\u00edfica responsable y respetuosa con la ancestralidad de nuestros pueblos y nacionalidades, todo ello mediante la interdisciplinariedad y transferencia del conocimiento.<\/p>\t\t\t\t\t<\/div>\n\t\t\t\t\t\t\t\t\t<div class=\"ha-tab__title ha-tab__title--mobile elementor-repeater-item-f83fb0a\" data-tab=\"2\" role=\"tab\">\n\t\t\t\t\t\t\t\t\t\t\t\t<span class=\"ha-tab__title-icon\"><i aria-hidden=\"true\" class=\"fas fa-user-friends\"><\/i><\/span>\n\t\t\t\t\t\t\t\t\t\t\t\t<span class=\"ha-tab__title-text\">\u00bfQui\u00e9nes Somos?<\/span>\n\t\t\t\t\t<\/div>\n\t\t\t\t\t<div id=\"ha-tab-content-1802\" class=\"ha-tab__content ha-clearfix elementor-repeater-item-f83fb0a\" data-tab=\"2\" role=\"tabpanel\" aria-labelledby=\"ha-tab-title-1802\">\n\t\t\t\t\t\t<h2><span style=\"color: #3eb5a7;\"><span style=\"vertical-align: inherit;\"><span style=\"vertical-align: inherit;\"><span style=\"vertical-align: inherit;\"><span style=\"vertical-align: inherit;\"><span style=\"vertical-align: inherit;\"><span style=\"vertical-align: inherit;\"><span style=\"vertical-align: inherit;\"><span style=\"vertical-align: inherit;\"><span style=\"vertical-align: inherit;\"><span style=\"vertical-align: inherit;\"><span style=\"vertical-align: inherit;\"><span style=\"vertical-align: inherit;\"><span style=\"vertical-align: inherit;\"><span style=\"vertical-align: inherit;\"><span style=\"vertical-align: inherit;\"><span style=\"vertical-align: inherit;\"><span style=\"vertical-align: inherit;\"><span style=\"vertical-align: inherit;\"><span style=\"vertical-align: inherit;\"><span style=\"vertical-align: inherit;\">\u00bfQUI\u00c9NES SOMOS?<\/span><\/span><\/span><\/span><\/span><\/span><\/span><\/span><\/span><\/span><\/span><\/span><\/span><\/span><\/span><\/span><\/span><\/span><\/span><\/span><\/span><\/h2><p style=\"text-align: center;\"><img fetchpriority=\"high\" decoding=\"async\" class=\"aligncenter wp-image-32118 size-full\" src=\"https:\/\/web.uea.edu.ec\/web\/v2\/wp-content\/uploads\/2023\/04\/FOTO-1_HERBARIO.jpg\" alt=\"\" width=\"510\" height=\"429\" srcset=\"https:\/\/www.uea.edu.ec\/web\/v2\/wp-content\/uploads\/2023\/04\/FOTO-1_HERBARIO.jpg 510w, https:\/\/www.uea.edu.ec\/web\/v2\/wp-content\/uploads\/2023\/04\/FOTO-1_HERBARIO-300x252.jpg 300w\" sizes=\"(max-width: 510px) 100vw, 510px\" \/><em>Meriania<\/em> <em>pastazana<\/em> Wurdack de la familia bot\u00e1nica Melastomataceae<\/p><p style=\"text-align: justify;\">El Herbario ECUAMZ, se ubica en el Centro Experimental de Investigaci\u00f3n y Producci\u00f3n Amaz\u00f3nica (CEIPA), su acr\u00f3nimo significa Ecuador Amaz\u00f3nico y fue registrado el 19 de diciembre de 2012 en el \u00edndice de Herbarios del Mundo, Index Herbariorum.<\/p><p style=\"text-align: justify;\">El s\u00edmbolo del Herbario es la flor de Meriania pastazana Wurdack de la familia bot\u00e1nica Melastomataceae, una planta de especial belleza que es end\u00e9mica de la regi\u00f3n amaz\u00f3nica.<\/p><p style=\"text-align: justify;\">El Herbario ECUAMZ mantiene su colecci\u00f3n de plantas montadas en papel especial para espec\u00edmenes bot\u00e1nicos (100% de algod\u00f3n libre de \u00e1cido) y seg\u00fan normativa, est\u00e1n protegidas en una sala con un sistema de enfriamiento-desecante, que preserva su colecci\u00f3n y las condiciones ambientales de &lt;18\u00b0C y 45-50% HR, evitan el deterioro en las colecciones.<\/p><p style=\"text-align: justify;\">Los espec\u00edmenes bot\u00e1nicos est\u00e1n preparados, mantenidos y preservados acorde a normas internacionales para herbarios. Peri\u00f3dicamente, la informaci\u00f3n referente a dichas colecciones se ingresa en las bases de datos tropicos.org y gbif.org, lo que permite que los nombres cient\u00edficos sean revisados por expertos y en su caso, actualizados.<\/p>\t\t\t\t\t<\/div>\n\t\t\t\t\t\t\t\t\t<div class=\"ha-tab__title ha-tab__title--mobile elementor-repeater-item-62131c5\" data-tab=\"3\" role=\"tab\">\n\t\t\t\t\t\t\t\t\t\t\t\t<span class=\"ha-tab__title-icon\"><i aria-hidden=\"true\" class=\"fas fa-tasks\"><\/i><\/span>\n\t\t\t\t\t\t\t\t\t\t\t\t<span class=\"ha-tab__title-text\">Objetivo General<\/span>\n\t\t\t\t\t<\/div>\n\t\t\t\t\t<div id=\"ha-tab-content-1803\" class=\"ha-tab__content ha-clearfix elementor-repeater-item-62131c5\" data-tab=\"3\" role=\"tabpanel\" aria-labelledby=\"ha-tab-title-1803\">\n\t\t\t\t\t\t<h2 style=\"text-align: justify;\"><span style=\"vertical-align: inherit; color: #3eb5a7;\"><span style=\"vertical-align: inherit;\">OBJETIVO GENERAL<\/span><\/span><\/h2><p style=\"text-align: center;\"><img decoding=\"async\" class=\"aligncenter wp-image-32143 size-full\" src=\"https:\/\/web.uea.edu.ec\/web\/v2\/wp-content\/uploads\/2023\/04\/FOTO-2_HERBARIO.jpg\" alt=\"\" width=\"624\" height=\"416\" srcset=\"https:\/\/www.uea.edu.ec\/web\/v2\/wp-content\/uploads\/2023\/04\/FOTO-2_HERBARIO.jpg 624w, https:\/\/www.uea.edu.ec\/web\/v2\/wp-content\/uploads\/2023\/04\/FOTO-2_HERBARIO-300x200.jpg 300w\" sizes=\"(max-width: 624px) 100vw, 624px\" \/>Dr. David Neill, investigador UEA y curador cient\u00edfico Herbario ECUAMZ<\/p><p style=\"text-align: justify;\">Fomentar las actividades cient\u00edficas, educativas y divulgativas como Herbario y Centro de Documentaci\u00f3n y Registro de la Biodiversidad de la UEA, a fin de continuar la recepci\u00f3n, ordenamiento y custodia autorizada de los espec\u00edmenes bot\u00e1nicos generados por la actividad investigadora.<\/p>\t\t\t\t\t<\/div>\n\t\t\t\t\t\t\t\t\t<div class=\"ha-tab__title ha-tab__title--mobile elementor-repeater-item-f2fd37d\" data-tab=\"4\" role=\"tab\">\n\t\t\t\t\t\t\t\t\t\t\t\t<span class=\"ha-tab__title-icon\"><i aria-hidden=\"true\" class=\"fas fa-check\"><\/i><\/span>\n\t\t\t\t\t\t\t\t\t\t\t\t<span class=\"ha-tab__title-text\">Misi\u00f3n - Visi\u00f3n<\/span>\n\t\t\t\t\t<\/div>\n\t\t\t\t\t<div id=\"ha-tab-content-1804\" class=\"ha-tab__content ha-clearfix elementor-repeater-item-f2fd37d\" data-tab=\"4\" role=\"tabpanel\" aria-labelledby=\"ha-tab-title-1804\">\n\t\t\t\t\t\t<h2 style=\"text-align: justify;\"><span style=\"vertical-align: inherit; color: #3eb5a7;\"><span style=\"vertical-align: inherit;\"><span style=\"vertical-align: inherit;\"><span style=\"vertical-align: inherit;\"><span style=\"vertical-align: inherit;\"><span style=\"vertical-align: inherit;\"><span style=\"vertical-align: inherit;\"><span style=\"vertical-align: inherit;\"><span style=\"vertical-align: inherit;\"><span style=\"vertical-align: inherit;\"><span style=\"vertical-align: inherit;\"><span style=\"vertical-align: inherit;\"><span style=\"vertical-align: inherit;\"><span style=\"vertical-align: inherit;\">MISI\u00d3N<\/span><\/span><\/span><\/span><\/span><\/span><\/span><\/span><\/span><\/span><\/span><\/span><\/span><\/span><\/h2><p style=\"text-align: justify;\">Propiciar y mantener el flujo de informaci\u00f3n cient\u00edfica e institucional en cooperaci\u00f3n mutua para promover el conocimiento, catalogaci\u00f3n y conservaci\u00f3n de las plantas basada en la investigaci\u00f3n, educaci\u00f3n y difusi\u00f3n de los conocimientos flor\u00edsticos y valores culturales de la flora ecuatoriana.<\/p><h2 style=\"text-align: justify;\"><span style=\"vertical-align: inherit; color: #3eb5a7;\"><span style=\"vertical-align: inherit;\"><span style=\"vertical-align: inherit;\"><span style=\"vertical-align: inherit;\"><span style=\"vertical-align: inherit;\"><span style=\"vertical-align: inherit;\"><span style=\"vertical-align: inherit;\"><span style=\"vertical-align: inherit;\"><span style=\"vertical-align: inherit;\"><span style=\"vertical-align: inherit;\">VISI\u00d3N<\/span><\/span><\/span><\/span><\/span><\/span><\/span><\/span><\/span><\/span><\/h2><p style=\"text-align: justify;\">El Herbario ECUAMZ, como todos los Herbarios Nacionales y Centros de Documentaci\u00f3n y Registro de la Biodiversidad, contin\u00faa con su compromiso asumiendo la articulaci\u00f3n de diferentes unidades acad\u00e9micas de la Universidad Estatal Amaz\u00f3nica relacionadas con la conservaci\u00f3n y manejo sustentable de la vegetaci\u00f3n ecuatoriana, mediante la aplicaci\u00f3n de t\u00e9cnicas amigables con el ambiente y la vinculaci\u00f3n con la comunidad y otros actores acad\u00e9micos y sociales.<\/p><p><img decoding=\"async\" class=\"aligncenter wp-image-32215 size-full\" src=\"https:\/\/web.uea.edu.ec\/web\/v2\/wp-content\/uploads\/2023\/04\/DSC_6182-1-scaled.jpg\" alt=\"\" width=\"2560\" height=\"2214\" srcset=\"https:\/\/www.uea.edu.ec\/web\/v2\/wp-content\/uploads\/2023\/04\/DSC_6182-1-scaled.jpg 2560w, https:\/\/www.uea.edu.ec\/web\/v2\/wp-content\/uploads\/2023\/04\/DSC_6182-1-300x259.jpg 300w, https:\/\/www.uea.edu.ec\/web\/v2\/wp-content\/uploads\/2023\/04\/DSC_6182-1-1024x886.jpg 1024w, https:\/\/www.uea.edu.ec\/web\/v2\/wp-content\/uploads\/2023\/04\/DSC_6182-1-768x664.jpg 768w, https:\/\/www.uea.edu.ec\/web\/v2\/wp-content\/uploads\/2023\/04\/DSC_6182-1-1536x1329.jpg 1536w, https:\/\/www.uea.edu.ec\/web\/v2\/wp-content\/uploads\/2023\/04\/DSC_6182-1-2048x1771.jpg 2048w, https:\/\/www.uea.edu.ec\/web\/v2\/wp-content\/uploads\/2023\/04\/DSC_6182-1-1320x1142.jpg 1320w\" sizes=\"(max-width: 2560px) 100vw, 2560px\" \/><\/p>\t\t\t\t\t<\/div>\n\t\t\t\t\t\t\t\t\t<div class=\"ha-tab__title ha-tab__title--mobile elementor-repeater-item-b1d7577\" data-tab=\"5\" role=\"tab\">\n\t\t\t\t\t\t\t\t\t\t\t\t<span class=\"ha-tab__title-icon\"><i aria-hidden=\"true\" class=\"fas fa-map-marker-alt\"><\/i><\/span>\n\t\t\t\t\t\t\t\t\t\t\t\t<span class=\"ha-tab__title-text\">Ubicaci\u00f3n<\/span>\n\t\t\t\t\t<\/div>\n\t\t\t\t\t<div id=\"ha-tab-content-1805\" class=\"ha-tab__content ha-clearfix elementor-repeater-item-b1d7577\" data-tab=\"5\" role=\"tabpanel\" aria-labelledby=\"ha-tab-title-1805\">\n\t\t\t\t\t\t<h2 style=\"text-align: justify;\"><span style=\"vertical-align: inherit; color: #3eb5a7;\"><span style=\"vertical-align: inherit;\">UBICACI\u00d3N<\/span><\/span><\/h2><p style=\"text-align: JUSTIFY;\">ECUAMZ se ubica en un ambiente rodeado de atractivos naturales, gracias a la propia reserva que custodia esta Universidad y al mismo tiempo, se encuentra cerca a diversos parques naturales. Ha sido dise\u00f1ado para alojar colecciones provenientes de colectas desde los a\u00f1os 80 y mantiene una xiloteca de especies maderables. <br \/>Este espacio, re\u00fane y custodia muestras que permiten, sin recorrer grandes distancias, un acercamiento a la flora ecuatoriana con una buena representaci\u00f3n de la regi\u00f3n amaz\u00f3nica y, hoy d\u00eda, por la elevada deforestaci\u00f3n. En algunos casos estos espec\u00edmenes probablemente ser\u00e1n la \u00fanica evidencia de su existencia en el futuro.<\/p>\t\t\t\t\t<\/div>\n\t\t\t\t\t\t\t\t\t<div class=\"ha-tab__title ha-tab__title--mobile elementor-repeater-item-d956419\" data-tab=\"6\" role=\"tab\">\n\t\t\t\t\t\t\t\t\t\t\t\t<span class=\"ha-tab__title-icon\"><i aria-hidden=\"true\" class=\"far fa-file-alt\"><\/i><\/span>\n\t\t\t\t\t\t\t\t\t\t\t\t<span class=\"ha-tab__title-text\">Formatos y requisitos<\/span>\n\t\t\t\t\t<\/div>\n\t\t\t\t\t<div id=\"ha-tab-content-1806\" class=\"ha-tab__content ha-clearfix elementor-repeater-item-d956419\" data-tab=\"6\" role=\"tabpanel\" aria-labelledby=\"ha-tab-title-1806\">\n\t\t\t\t\t\t<h2 style=\"text-align: justify;\"><span style=\"vertical-align: inherit; color: #3eb5a7;\"><span style=\"vertical-align: inherit;\">FORMATOS Y REQUISITOS PARA DEP\u00d3SITO DE MUESTRAS<\/span><\/span><\/h2><p style=\"text-align: JUSTIFY;\">Documentos solicitados para dep\u00f3sito de muestras:<br \/>1. Copia al menos en PDF de permiso de investigaci\u00f3n del Ministerio del Ambiente, Agua y Transici\u00f3n Ecol\u00f3gica (MAATE)<br \/>2. Copia al menos en PDF de permiso de movilidad de espec\u00edmenes del MAAE (si son de otra provincia distinta a Napo)<br \/>3. Una base en Excel con los campos requeridos para generaci\u00f3n de etiquetas y para su registro previo al paso a formar parte de la colecci\u00f3n.<br \/>4. El Proyecto de Investigaci\u00f3n<\/p><ul><li style=\"text-align: JUSTIFY;\">La documentaci\u00f3n tanto emitida como recibida, se acepta en formato digital, estos documentos certificados por el curador administrativo del Herbario, se entregan por medio de correo electr\u00f3nico en original con firma digital.<\/li><li style=\"text-align: JUSTIFY;\">No es necesario tener etiquetas elaboradas ya que nuestra instituci\u00f3n las va a generar en papel especial libre de \u00e1cido, pero se requiere la informaci\u00f3n de cada uno de los campos en formato Excel seg\u00fan el archivo adjunto.<\/li><\/ul><p><a href=\"https:\/\/web.uea.edu.ec\/web\/v2\/wp-content\/uploads\/2023\/04\/ECUAMZ-CAMPOS-ETIQUETAS-2023.xlsx\" target=\"_blank\" rel=\"noopener\"><img loading=\"lazy\" decoding=\"async\" class=\"aligncenter wp-image-32231 \" src=\"https:\/\/web.uea.edu.ec\/web\/v2\/wp-content\/uploads\/2023\/04\/boton-768x143-1.png\" alt=\"\" width=\"232\" height=\"43\" srcset=\"https:\/\/www.uea.edu.ec\/web\/v2\/wp-content\/uploads\/2023\/04\/boton-768x143-1.png 768w, https:\/\/www.uea.edu.ec\/web\/v2\/wp-content\/uploads\/2023\/04\/boton-768x143-1-300x56.png 300w, https:\/\/www.uea.edu.ec\/web\/v2\/wp-content\/uploads\/2023\/04\/boton-768x143-1-750x143.png 750w\" sizes=\"(max-width: 232px) 100vw, 232px\" \/><\/a><\/p>\t\t\t\t\t<\/div>\n\t\t\t\t\t\t\t\t\t<div class=\"ha-tab__title ha-tab__title--mobile elementor-repeater-item-cf708c4\" data-tab=\"7\" role=\"tab\">\n\t\t\t\t\t\t\t\t\t\t\t\t<span class=\"ha-tab__title-icon\"><i aria-hidden=\"true\" class=\"hm hm-team-member\"><\/i><\/span>\n\t\t\t\t\t\t\t\t\t\t\t\t<span class=\"ha-tab__title-text\">Personal<\/span>\n\t\t\t\t\t<\/div>\n\t\t\t\t\t<div id=\"ha-tab-content-1807\" class=\"ha-tab__content ha-clearfix elementor-repeater-item-cf708c4\" data-tab=\"7\" role=\"tabpanel\" aria-labelledby=\"ha-tab-title-1807\">\n\t\t\t\t\t\t<h2 style=\"text-align: justify;\"><span style=\"vertical-align: inherit; color: #3eb5a7;\"><span style=\"vertical-align: inherit;\">PERSONAL<\/span><\/span><\/h2><p><img loading=\"lazy\" decoding=\"async\" class=\"aligncenter wp-image-32216 size-full\" src=\"https:\/\/web.uea.edu.ec\/web\/v2\/wp-content\/uploads\/2023\/04\/Imagen1-e1681767538268.bmp\" alt=\"\" width=\"849\" height=\"581\" srcset=\"https:\/\/www.uea.edu.ec\/web\/v2\/wp-content\/uploads\/2023\/04\/Imagen1-e1681767538268.bmp 849w, https:\/\/www.uea.edu.ec\/web\/v2\/wp-content\/uploads\/2023\/04\/Imagen1-e1681767538268-300x205.bmp 300w, https:\/\/www.uea.edu.ec\/web\/v2\/wp-content\/uploads\/2023\/04\/Imagen1-e1681767538268-768x526.bmp 768w\" sizes=\"(max-width: 849px) 100vw, 849px\" \/><\/p><ul><li style=\"text-align: JUSTIFY;\">Curador cient\u00edfico: Dr. David A. Neill<\/li><li style=\"text-align: JUSTIFY;\">Curador Administrativo: Dr. Diego Guti\u00e9rrez del Pozo<\/li><li style=\"text-align: JUSTIFY;\">Curadora Flora no vascular: Dra. Mercedes Asanza Novillo<\/li><li style=\"text-align: JUSTIFY;\">T\u00e9cnico de apoyo: Ing. Soraya Valverde Camacho<\/li><li style=\"text-align: JUSTIFY;\">T\u00e9cnico Docente: Ing. Jhandry Sarango Ordo\u00f1ez<\/li><\/ul>\t\t\t\t\t<\/div>\n\t\t\t\t\t\t\t\t\t<div class=\"ha-tab__title ha-tab__title--mobile elementor-repeater-item-9320f3a\" data-tab=\"8\" role=\"tab\">\n\t\t\t\t\t\t\t\t\t\t\t\t<span class=\"ha-tab__title-icon\"><i aria-hidden=\"true\" class=\"fas fa-phone-volume\"><\/i><\/span>\n\t\t\t\t\t\t\t\t\t\t\t\t<span class=\"ha-tab__title-text\">Contacto<\/span>\n\t\t\t\t\t<\/div>\n\t\t\t\t\t<div id=\"ha-tab-content-1808\" class=\"ha-tab__content ha-clearfix elementor-repeater-item-9320f3a\" data-tab=\"8\" role=\"tabpanel\" aria-labelledby=\"ha-tab-title-1808\">\n\t\t\t\t\t\t<h2 style=\"text-align: justify;\"><span style=\"vertical-align: inherit; color: #3eb5a7;\"><span style=\"vertical-align: inherit;\">CONTACTO<\/span><\/span><\/h2><p>Herbario Amaz\u00f3nico del Ecuador ECUAMZ &#8211; Centro Experimental de Investigaci\u00f3n y Producci\u00f3n Amaz\u00f3nica (CEIPA-UEA) &#8211; Universidad Estatal Amaz\u00f3nica.<br \/>V\u00eda Tena a Puyo, Km. 44, Carlos Julio Arosemena Tola 150950, Napo &#8211; Ecuador<\/p><p><strong>Email Curador Administrativo:<\/strong> dgutierrez@uea.edu.ec<\/p><p>Universidad Estatal Amaz\u00f3nica<br \/>Paso lateral, km 2 \u00bd v\u00eda a Napo<br \/>Puyo, Pastaza<br \/>Ecuador<br \/>Tel: 03-2889118 \u2013 Telefax: 03-2888118<br \/>www.uea.edu.ec<\/p>\t\t\t\t\t<\/div>\n\t\t\t\t\t\t\t<\/div>\n\t\t<\/div>\n\t\t\t\t\t\t<\/div>\n\t\t\t\t<\/div>\n\t\t\t\t\t<\/div>\n\t\t<\/div>\n\t\t\t\t\t<\/div>\n\t\t<\/section>\n\t\t\t\t<\/div>\n\t\t","protected":false},"excerpt":{"rendered":"<p>HERBARIO ECUAMZ Presentaci\u00f3n \u00bfQui\u00e9nes Somos? Objetivo General Misi\u00f3n &#8211; Visi\u00f3n Ubicaci\u00f3n Formatos y requisitos Personal Contacto Presentaci\u00f3n PRESENTACI\u00d3N La potencialidad &hellip; <\/p>\n","protected":false},"author":10,"featured_media":0,"parent":0,"menu_order":0,"comment_status":"closed","ping_status":"closed","template":"","meta":{"om_disable_all_campaigns":false,"_monsterinsights_skip_tracking":false,"_monsterinsights_sitenote_active":false,"_monsterinsights_sitenote_note":"","_monsterinsights_sitenote_category":0,"footnotes":""},"class_list":["post-32096","page","type-page","status-publish","hentry"],"_links":{"self":[{"href":"https:\/\/www.uea.edu.ec\/web\/v2\/index.php?rest_route=\/wp\/v2\/pages\/32096","targetHints":{"allow":["GET"]}}],"collection":[{"href":"https:\/\/www.uea.edu.ec\/web\/v2\/index.php?rest_route=\/wp\/v2\/pages"}],"about":[{"href":"https:\/\/www.uea.edu.ec\/web\/v2\/index.php?rest_route=\/wp\/v2\/types\/page"}],"author":[{"embeddable":true,"href":"https:\/\/www.uea.edu.ec\/web\/v2\/index.php?rest_route=\/wp\/v2\/users\/10"}],"replies":[{"embeddable":true,"href":"https:\/\/www.uea.edu.ec\/web\/v2\/index.php?rest_route=%2Fwp%2Fv2%2Fcomments&post=32096"}],"version-history":[{"count":62,"href":"https:\/\/www.uea.edu.ec\/web\/v2\/index.php?rest_route=\/wp\/v2\/pages\/32096\/revisions"}],"predecessor-version":[{"id":58577,"href":"https:\/\/www.uea.edu.ec\/web\/v2\/index.php?rest_route=\/wp\/v2\/pages\/32096\/revisions\/58577"}],"wp:attachment":[{"href":"https:\/\/www.uea.edu.ec\/web\/v2\/index.php?rest_route=%2Fwp%2Fv2%2Fmedia&parent=32096"}],"curies":[{"name":"wp","href":"https:\/\/api.w.org\/{rel}","templated":true}]}}