{"id":41369,"date":"2024-01-15T20:05:15","date_gmt":"2024-01-16T01:05:15","guid":{"rendered":"https:\/\/www.uea.edu.ec\/web\/v2\/?page_id=41369"},"modified":"2024-12-17T09:27:24","modified_gmt":"2024-12-17T14:27:24","slug":"elementor-41369","status":"publish","type":"page","link":"https:\/\/www.uea.edu.ec\/web\/v2\/?page_id=41369","title":{"rendered":"PLAN ANUAL DE CONTRATACI\u00d3N P\u00daBLICA (PAC)"},"content":{"rendered":"\t\t<div data-elementor-type=\"wp-page\" data-elementor-id=\"41369\" class=\"elementor elementor-41369\" data-elementor-settings=\"{&quot;ha_cmc_init_switcher&quot;:&quot;no&quot;}\" data-elementor-post-type=\"page\">\n\t\t\t\t\t\t<section class=\"elementor-section elementor-top-section elementor-element elementor-element-2aed129 elementor-section-boxed elementor-section-height-default elementor-section-height-default\" data-id=\"2aed129\" data-element_type=\"section\" data-settings=\"{&quot;_ha_eqh_enable&quot;:false}\">\n\t\t\t\t\t\t<div class=\"elementor-container elementor-column-gap-default\">\n\t\t\t\t\t<div class=\"elementor-column elementor-col-100 elementor-top-column elementor-element elementor-element-1fd5af8\" data-id=\"1fd5af8\" data-element_type=\"column\">\n\t\t\t<div class=\"elementor-widget-wrap elementor-element-populated\">\n\t\t\t\t\t\t<div class=\"elementor-element elementor-element-332c1e0 elementor-widget elementor-widget-accordion\" data-id=\"332c1e0\" data-element_type=\"widget\" data-widget_type=\"accordion.default\">\n\t\t\t\t<div class=\"elementor-widget-container\">\n\t\t\t\t\t\t\t<div class=\"elementor-accordion\">\n\t\t\t\t\t\t\t<div class=\"elementor-accordion-item\">\n\t\t\t\t\t<div id=\"elementor-tab-title-5361\" class=\"elementor-tab-title\" data-tab=\"1\" role=\"button\" aria-controls=\"elementor-tab-content-5361\" aria-expanded=\"false\">\n\t\t\t\t\t\t\t\t\t\t\t\t\t<span class=\"elementor-accordion-icon elementor-accordion-icon-left\" aria-hidden=\"true\">\n\t\t\t\t\t\t\t\t\t\t\t\t\t\t\t<span class=\"elementor-accordion-icon-closed\"><i class=\"fas fa-chevron-down\"><\/i><\/span>\n\t\t\t\t\t\t\t\t<span class=\"elementor-accordion-icon-opened\"><i class=\"fas fa-chevron-up\"><\/i><\/span>\n\t\t\t\t\t\t\t\t\t\t\t\t\t\t<\/span>\n\t\t\t\t\t\t\t\t\t\t\t\t<a class=\"elementor-accordion-title\" tabindex=\"0\">PAC 2024<\/a>\n\t\t\t\t\t<\/div>\n\t\t\t\t\t<div id=\"elementor-tab-content-5361\" class=\"elementor-tab-content elementor-clearfix\" data-tab=\"1\" role=\"region\" aria-labelledby=\"elementor-tab-title-5361\"><ul style=\"list-style: none;\"><li><i class=\"fa fa-file-pdf-o\" aria-hidden=\"true\"><\/i> <a href=\"https:\/\/www.uea.edu.ec\/web\/v2\/wp-content\/uploads\/2024\/02\/resolucion_1ra_reforma_pac_2024-signed.pdf\" target=\"_blank\" rel=\"noopener\">PRIMERA REFORMA AL PLAN ANUAL DE CONTRATACI\u00d3N -PAC- DEL A\u00d1O 2024<\/a><\/li><\/ul><ul style=\"list-style: none;\"><li><i class=\"fa fa-file-pdf-o\" aria-hidden=\"true\"><\/i> <a href=\"https:\/\/www.uea.edu.ec\/web\/v2\/wp-content\/uploads\/2024\/11\/resolucion_2da_reforma_pac_2024-signed-1.pdf\" target=\"_blank\" rel=\"noopener\">SEGUNDA REFORMA AL PLAN ANUAL DE CONTRATACI\u00d3N &#8211; PAC &#8211; DEL A\u00d1O 2024<\/a><\/li><\/ul><ol><li><a href=\"https:\/\/www.uea.edu.ec\/web\/v2\/wp-content\/uploads\/2024\/11\/acta_de_reunion_poa_vs_pac-signed-signed.pdf\" target=\"_blank\" rel=\"noopener\">ACTA DE REUNI\u00d3N AN\u00c1LISIS DE REFORMAS AL POA VS PAC<\/a><\/li><li><a href=\"https:\/\/www.uea.edu.ec\/web\/v2\/wp-content\/uploads\/2024\/11\/18_informe_tecnico_de_reformas-signed.pdf\" target=\"_blank\" rel=\"noopener\">INFORME T\u00c9CNICO N\u00b0 DPE-2024-018-YS<\/a><\/li><li><a href=\"https:\/\/www.uea.edu.ec\/web\/v2\/wp-content\/uploads\/2024\/11\/correo__alcance_acta_reunion-_outlook.pdf\" target=\"_blank\" rel=\"noopener\">CORREO ALCANCE ACTA REUNI\u00d3N<\/a><\/li><li><a href=\"https:\/\/www.uea.edu.ec\/web\/v2\/wp-content\/uploads\/2024\/11\/detalle__segunda_reforma_2024.pdf\" target=\"_blank\" rel=\"noopener\">DETALLE DE LA SEGUNDA REFORMA AL PAC 2024<\/a><\/li><\/ol><ul style=\"list-style: none;\"><li><i class=\"fa fa-file-pdf-o\" aria-hidden=\"true\"><\/i> <a href=\"https:\/\/www.uea.edu.ec\/web\/v2\/wp-content\/uploads\/2024\/12\/resolucion_3ra_reforma_pac_2024-signed_0428775001734370740.pdf\" target=\"_blank\" rel=\"noopener\">TERCERA REFORMA AL PLAN ANUAL DE CONTRATACI\u00d3N &#8211; PAC &#8211; DEL A\u00d1O 2024<\/a><\/li><\/ul><\/div>\n\t\t\t\t<\/div>\n\t\t\t\t\t\t\t<div class=\"elementor-accordion-item\">\n\t\t\t\t\t<div id=\"elementor-tab-title-5362\" class=\"elementor-tab-title\" data-tab=\"2\" role=\"button\" aria-controls=\"elementor-tab-content-5362\" aria-expanded=\"false\">\n\t\t\t\t\t\t\t\t\t\t\t\t\t<span class=\"elementor-accordion-icon elementor-accordion-icon-left\" aria-hidden=\"true\">\n\t\t\t\t\t\t\t\t\t\t\t\t\t\t\t<span class=\"elementor-accordion-icon-closed\"><i class=\"fas fa-chevron-down\"><\/i><\/span>\n\t\t\t\t\t\t\t\t<span class=\"elementor-accordion-icon-opened\"><i class=\"fas fa-chevron-up\"><\/i><\/span>\n\t\t\t\t\t\t\t\t\t\t\t\t\t\t<\/span>\n\t\t\t\t\t\t\t\t\t\t\t\t<a class=\"elementor-accordion-title\" tabindex=\"0\">PAC 2023<\/a>\n\t\t\t\t\t<\/div>\n\t\t\t\t\t<div id=\"elementor-tab-content-5362\" class=\"elementor-tab-content elementor-clearfix\" data-tab=\"2\" role=\"region\" aria-labelledby=\"elementor-tab-title-5362\"><ul style=\"list-style: none;\"><li><i class=\"fa fa-file-pdf-o\" aria-hidden=\"true\"><\/i> <a href=\"https:\/\/www.uea.edu.ec\/web\/v2\/wp-content\/uploads\/2024\/01\/resolucion_3ra_reforma_pac_2023-signed.pdf\" target=\"_blank\" rel=\"noopener\">PLAN ANUAL DE CONTRATACI\u00d3N &#8211; PAC- DEL A\u00d1O 2023<br \/><\/a><\/li><\/ul><\/div>\n\t\t\t\t<\/div>\n\t\t\t\t\t\t\t\t<\/div>\n\t\t\t\t\t\t<\/div>\n\t\t\t\t<\/div>\n\t\t\t\t\t<\/div>\n\t\t<\/div>\n\t\t\t\t\t<\/div>\n\t\t<\/section>\n\t\t\t\t<\/div>\n\t\t","protected":false},"excerpt":{"rendered":"<p>PAC 2024 PRIMERA REFORMA AL PLAN ANUAL DE CONTRATACI\u00d3N -PAC- DEL A\u00d1O 2024 SEGUNDA REFORMA AL PLAN ANUAL DE CONTRATACI\u00d3N &hellip; <\/p>\n","protected":false},"author":10,"featured_media":0,"parent":0,"menu_order":0,"comment_status":"closed","ping_status":"closed","template":"","meta":{"om_disable_all_campaigns":false,"_monsterinsights_skip_tracking":false,"_monsterinsights_sitenote_active":false,"_monsterinsights_sitenote_note":"","_monsterinsights_sitenote_category":0,"footnotes":""},"class_list":["post-41369","page","type-page","status-publish","hentry"],"_links":{"self":[{"href":"https:\/\/www.uea.edu.ec\/web\/v2\/index.php?rest_route=\/wp\/v2\/pages\/41369","targetHints":{"allow":["GET"]}}],"collection":[{"href":"https:\/\/www.uea.edu.ec\/web\/v2\/index.php?rest_route=\/wp\/v2\/pages"}],"about":[{"href":"https:\/\/www.uea.edu.ec\/web\/v2\/index.php?rest_route=\/wp\/v2\/types\/page"}],"author":[{"embeddable":true,"href":"https:\/\/www.uea.edu.ec\/web\/v2\/index.php?rest_route=\/wp\/v2\/users\/10"}],"replies":[{"embeddable":true,"href":"https:\/\/www.uea.edu.ec\/web\/v2\/index.php?rest_route=%2Fwp%2Fv2%2Fcomments&post=41369"}],"version-history":[{"count":64,"href":"https:\/\/www.uea.edu.ec\/web\/v2\/index.php?rest_route=\/wp\/v2\/pages\/41369\/revisions"}],"predecessor-version":[{"id":58156,"href":"https:\/\/www.uea.edu.ec\/web\/v2\/index.php?rest_route=\/wp\/v2\/pages\/41369\/revisions\/58156"}],"wp:attachment":[{"href":"https:\/\/www.uea.edu.ec\/web\/v2\/index.php?rest_route=%2Fwp%2Fv2%2Fmedia&parent=41369"}],"curies":[{"name":"wp","href":"https:\/\/api.w.org\/{rel}","templated":true}]}}